Last updated on 2025-10-25 13:48:52 CEST.
| Flavor | Version | Tinstall | Tcheck | Ttotal | Status | Flags |
|---|---|---|---|---|---|---|
| r-devel-linux-x86_64-debian-clang | 0.1.1 | 13.24 | 843.64 | 856.88 | NOTE | |
| r-devel-linux-x86_64-debian-gcc | 0.1.1 | 8.47 | 649.06 | 657.53 | NOTE | |
| r-devel-linux-x86_64-fedora-clang | 0.1.1 | 69.00 | 1368.22 | 1437.22 | NOTE | |
| r-devel-linux-x86_64-fedora-gcc | 0.1.1 | 26.00 | 1429.23 | 1455.23 | NOTE | |
| r-devel-windows-x86_64 | 0.1.1 | 13.00 | 1247.00 | 1260.00 | NOTE | |
| r-patched-linux-x86_64 | 0.1.1 | 12.85 | 851.99 | 864.84 | NOTE | |
| r-release-linux-x86_64 | 0.1.1 | 11.53 | 849.10 | 860.63 | NOTE | |
| r-release-macos-arm64 | 0.1.1 | 6.00 | 539.00 | 545.00 | NOTE | |
| r-release-macos-x86_64 | 0.1.1 | 11.00 | 1019.00 | 1030.00 | NOTE | |
| r-release-windows-x86_64 | 0.1.1 | 15.00 | 1273.00 | 1288.00 | NOTE | |
| r-oldrel-macos-arm64 | 0.1.1 | 6.00 | 481.00 | 487.00 | NOTE | |
| r-oldrel-macos-x86_64 | 0.1.1 | 9.00 | 751.00 | 760.00 | NOTE | |
| r-oldrel-windows-x86_64 | 0.1.1 | 19.00 | 1650.00 | 1669.00 | NOTE |
Version: 0.1.1
Check: Rd files
Result: NOTE
checkRd: (-1) coxph_mpl_dc.Rd:24: Lost braces; missing escapes or markup?
24 | \item{mpl_h0t}{MPL estimates of the baseline hazard for T, i.e. h_{0T}(x_i)}
| ^
checkRd: (-1) coxph_mpl_dc.Rd:25: Lost braces; missing escapes or markup?
25 | \item{mpl_h0c}{MPL estimates of the baseline hazard for C, i.e. h_{0C}(x_i)}
| ^
checkRd: (-1) coxph_mpl_dc.Rd:26: Lost braces; missing escapes or markup?
26 | \item{mpl_H0t}{MPL estimates of the baseline cumulative hazard for T, i.e. H_{0T}(x_i)}
| ^
checkRd: (-1) coxph_mpl_dc.Rd:27: Lost braces; missing escapes or markup?
27 | \item{mpl_H0c}{MPL estimates of the baseline cumulative hazard for C, i.e. H_{0c}(x_i)}
| ^
checkRd: (-1) coxph_mpl_dc.Rd:28: Lost braces; missing escapes or markup?
28 | \item{mpl_S0t}{MPL estimates of the baseline survival for T, i.e. S_{0T}(x_i)}
| ^
checkRd: (-1) coxph_mpl_dc.Rd:29: Lost braces; missing escapes or markup?
29 | \item{mpl_S0c}{MPL estimates of the baseline survival for C, i.e. S_{0C}(x_i)}
| ^
Flavors: r-devel-linux-x86_64-debian-clang, r-devel-linux-x86_64-debian-gcc, r-devel-linux-x86_64-fedora-clang, r-devel-linux-x86_64-fedora-gcc, r-devel-windows-x86_64, r-patched-linux-x86_64, r-release-linux-x86_64, r-release-macos-arm64, r-release-macos-x86_64, r-release-windows-x86_64, r-oldrel-macos-arm64, r-oldrel-macos-x86_64, r-oldrel-windows-x86_64