Last updated on 2025-11-26 17:50:09 CET.
| Flavor | Version | Tinstall | Tcheck | Ttotal | Status | Flags |
|---|---|---|---|---|---|---|
| r-devel-linux-x86_64-debian-clang | 1.1-2 | 7.63 | 58.70 | 66.33 | NOTE | |
| r-devel-linux-x86_64-debian-gcc | 1.1-2 | 5.94 | 45.06 | 51.00 | NOTE | |
| r-devel-linux-x86_64-fedora-clang | 1.1-2 | 16.00 | 81.23 | 97.23 | OK | |
| r-devel-linux-x86_64-fedora-gcc | 1.1-2 | 16.00 | 74.83 | 90.83 | OK | |
| r-devel-windows-x86_64 | 1.1-2 | 11.00 | 75.00 | 86.00 | OK | |
| r-patched-linux-x86_64 | 1.1-2 | 6.38 | 55.74 | 62.12 | OK | |
| r-release-linux-x86_64 | 1.1-2 | 6.45 | 55.84 | 62.29 | OK | |
| r-release-macos-arm64 | 1.1-2 | OK | ||||
| r-release-macos-x86_64 | 1.1-2 | 21.00 | 92.00 | 113.00 | OK | |
| r-release-windows-x86_64 | 1.1-2 | 12.00 | 92.00 | 104.00 | OK | |
| r-oldrel-macos-arm64 | 1.1-2 | OK | ||||
| r-oldrel-macos-x86_64 | 1.1-2 | 6.00 | 52.00 | 58.00 | OK | |
| r-oldrel-windows-x86_64 | 1.1-2 | 12.00 | 90.00 | 102.00 | OK |
Version: 1.1-2
Check: CRAN incoming feasibility
Result: NOTE
Maintainer: ‘Hajime Uno <huno@jimmy.harvard.edu>’
No Authors@R field in DESCRIPTION.
Please add one, modifying
Authors@R: c(person(given = "Hajime",
family = "Uno",
role = c("aut", "cre"),
email = "huno@jimmy.harvard.edu"),
person(given = "Tianxi",
family = "Cai",
role = "aut"))
as necessary.
Flavors: r-devel-linux-x86_64-debian-clang, r-devel-linux-x86_64-debian-gcc