Last updated on 2025-07-17 21:51:01 CEST.
Flavor | Version | Tinstall | Tcheck | Ttotal | Status | Flags |
---|---|---|---|---|---|---|
r-devel-linux-x86_64-debian-clang | 0.2-1 | 2.21 | 178.78 | 180.99 | NOTE | |
r-devel-linux-x86_64-debian-gcc | 0.2-1 | 1.84 | 104.44 | 106.28 | NOTE | |
r-devel-linux-x86_64-fedora-clang | 0.2-1 | 274.66 | OK | |||
r-devel-linux-x86_64-fedora-gcc | 0.2-1 | 290.75 | OK | |||
r-devel-windows-x86_64 | 0.2-1 | 5.00 | 199.00 | 204.00 | OK | |
r-patched-linux-x86_64 | 0.2-1 | 2.24 | 166.40 | 168.64 | OK | |
r-release-linux-x86_64 | 0.2-1 | 1.91 | 166.97 | 168.88 | OK | |
r-release-macos-arm64 | 0.2-1 | 71.00 | OK | |||
r-release-macos-x86_64 | 0.2-1 | 158.00 | OK | |||
r-release-windows-x86_64 | 0.2-1 | 3.00 | 198.00 | 201.00 | OK | |
r-oldrel-macos-arm64 | 0.2-1 | 47.00 | OK | |||
r-oldrel-macos-x86_64 | 0.2-1 | 86.00 | OK | |||
r-oldrel-windows-x86_64 | 0.2-1 | 3.00 | 177.00 | 180.00 | OK |
Version: 0.2-1
Check: CRAN incoming feasibility
Result: NOTE
Maintainer: ‘Bill Venables <Bill.Venables@gmail.com>’
No Authors@R field in DESCRIPTION.
Please add one, modifying
Authors@R: person(given = "Bill",
family = "Venables",
role = c("aut", "cre"),
email = "Bill.Venables@gmail.com")
as necessary.
Flavors: r-devel-linux-x86_64-debian-clang, r-devel-linux-x86_64-debian-gcc