Last updated on 2025-10-25 13:48:52 CEST.
| Flavor | Version | Tinstall | Tcheck | Ttotal | Status | Flags |
|---|---|---|---|---|---|---|
| r-devel-linux-x86_64-debian-clang | 0.1.0 | 15.46 | 259.69 | 275.15 | OK | |
| r-devel-linux-x86_64-debian-gcc | 0.1.0 | 11.21 | 178.10 | 189.31 | OK | |
| r-devel-linux-x86_64-fedora-clang | 0.1.0 | 71.00 | 332.99 | 403.99 | OK | |
| r-devel-linux-x86_64-fedora-gcc | 0.1.0 | 29.00 | 368.27 | 397.27 | OK | |
| r-devel-windows-x86_64 | 0.1.0 | 16.00 | 257.00 | 273.00 | OK | |
| r-patched-linux-x86_64 | 0.1.0 | 14.24 | 247.31 | 261.55 | OK | |
| r-release-linux-x86_64 | 0.1.0 | 14.99 | 247.45 | 262.44 | OK | |
| r-release-macos-arm64 | 0.1.0 | 6.00 | 119.00 | 125.00 | OK | |
| r-release-macos-x86_64 | 0.1.0 | 14.00 | 230.00 | 244.00 | OK | |
| r-release-windows-x86_64 | 0.1.0 | 15.00 | 262.00 | 277.00 | OK | |
| r-oldrel-macos-arm64 | 0.1.0 | 7.00 | 100.00 | 107.00 | OK | |
| r-oldrel-macos-x86_64 | 0.1.0 | 11.00 | 160.00 | 171.00 | NOTE | |
| r-oldrel-windows-x86_64 | 0.1.0 | 23.00 | 329.00 | 352.00 | OK |
Version: 0.1.0
Check: installed package size
Result: NOTE
installed size is 5.1Mb
sub-directories of 1Mb or more:
data 3.1Mb
doc 1.3Mb
Flavor: r-oldrel-macos-x86_64