Last updated on 2025-10-25 13:48:51 CEST.
| Flavor | Version | Tinstall | Tcheck | Ttotal | Status | Flags |
|---|---|---|---|---|---|---|
| r-devel-linux-x86_64-debian-clang | 2.1-10 | 124.74 | 281.69 | 406.43 | OK | |
| r-devel-linux-x86_64-debian-gcc | 2.1-10 | 83.59 | 172.84 | 256.43 | OK | |
| r-devel-linux-x86_64-fedora-clang | 2.1-10 | 323.00 | 438.83 | 761.83 | OK | |
| r-devel-linux-x86_64-fedora-gcc | 2.1-10 | 243.00 | 437.34 | 680.34 | OK | |
| r-devel-windows-x86_64 | 2.1-10 | 154.00 | 318.00 | 472.00 | OK | |
| r-patched-linux-x86_64 | 2.1-10 | 126.35 | 264.26 | 390.61 | OK | |
| r-release-linux-x86_64 | 2.1-10 | 124.59 | 263.76 | 388.35 | OK | |
| r-release-macos-arm64 | 2.1-10 | 46.00 | 167.00 | 213.00 | OK | |
| r-release-macos-x86_64 | 2.1-10 | 42.00 | 309.00 | 351.00 | OK | |
| r-release-windows-x86_64 | 2.1-10 | 158.00 | 313.00 | 471.00 | OK | |
| r-oldrel-macos-arm64 | 2.1-10 | 49.00 | 123.00 | 172.00 | NOTE | |
| r-oldrel-macos-x86_64 | 2.1-10 | 40.00 | 265.00 | 305.00 | NOTE | |
| r-oldrel-windows-x86_64 | 2.1-10 | 182.00 | 424.00 | 606.00 | OK |
Version: 2.1-10
Check: installed package size
Result: NOTE
installed size is 6.6Mb
sub-directories of 1Mb or more:
libs 5.4Mb
Flavors: r-oldrel-macos-arm64, r-oldrel-macos-x86_64