Last updated on 2025-10-25 17:48:53 CEST.
| Flavor | Version | Tinstall | Tcheck | Ttotal | Status | Flags |
|---|---|---|---|---|---|---|
| r-devel-linux-x86_64-debian-clang | 1.1.10 | 13.00 | 100.38 | 113.38 | NOTE | |
| r-devel-linux-x86_64-debian-gcc | 1.1.10 | 9.41 | 73.58 | 82.99 | NOTE | |
| r-devel-linux-x86_64-fedora-clang | 1.1.10 | 33.00 | 141.06 | 174.06 | NOTE | |
| r-devel-linux-x86_64-fedora-gcc | 1.1.10 | 29.00 | 135.87 | 164.87 | NOTE | |
| r-devel-windows-x86_64 | 1.1.10 | 16.00 | 105.00 | 121.00 | NOTE | |
| r-patched-linux-x86_64 | 1.1.10 | 13.86 | 95.49 | 109.35 | NOTE | |
| r-release-linux-x86_64 | 1.1.10 | 13.91 | 95.41 | 109.32 | NOTE | |
| r-release-macos-arm64 | 1.1.10 | 6.00 | 39.00 | 45.00 | NOTE | |
| r-release-macos-x86_64 | 1.1.10 | 13.00 | 76.00 | 89.00 | NOTE | |
| r-release-windows-x86_64 | 1.1.10 | 17.00 | 105.00 | 122.00 | NOTE | |
| r-oldrel-macos-arm64 | 1.1.10 | 5.00 | 38.00 | 43.00 | NOTE | |
| r-oldrel-macos-x86_64 | 1.1.10 | 8.00 | 55.00 | 63.00 | NOTE | |
| r-oldrel-windows-x86_64 | 1.1.10 | 19.00 | 137.00 | 156.00 | NOTE |
Version: 1.1.10
Check: Rd files
Result: NOTE
checkRd: (-1) multiCUMSUM.Rd:33: Escaped LaTeX specials: \&
Flavors: r-devel-linux-x86_64-debian-clang, r-devel-linux-x86_64-debian-gcc, r-devel-linux-x86_64-fedora-clang, r-devel-linux-x86_64-fedora-gcc, r-devel-windows-x86_64, r-patched-linux-x86_64, r-release-linux-x86_64, r-release-macos-arm64, r-release-macos-x86_64, r-release-windows-x86_64, r-oldrel-macos-arm64, r-oldrel-macos-x86_64, r-oldrel-windows-x86_64