Last updated on 2025-10-25 21:49:54 CEST.
| Flavor | Version | Tinstall | Tcheck | Ttotal | Status | Flags |
|---|---|---|---|---|---|---|
| r-devel-linux-x86_64-debian-clang | 0.1.0 | 3.85 | 33.82 | 37.67 | NOTE | |
| r-devel-linux-x86_64-debian-gcc | 0.1.0 | 2.47 | 26.05 | 28.52 | NOTE | |
| r-devel-linux-x86_64-fedora-clang | 0.1.0 | 55.56 | NOTE | |||
| r-devel-linux-x86_64-fedora-gcc | 0.1.0 | 85.53 | NOTE | |||
| r-devel-windows-x86_64 | 0.1.0 | 4.00 | 58.00 | 62.00 | OK | |
| r-patched-linux-x86_64 | 0.1.0 | 4.05 | 32.35 | 36.40 | OK | |
| r-release-linux-x86_64 | 0.1.0 | 3.68 | 32.12 | 35.80 | OK | |
| r-release-macos-arm64 | 0.1.0 | 2.00 | 41.00 | 43.00 | OK | |
| r-release-macos-x86_64 | 0.1.0 | 4.00 | 86.00 | 90.00 | OK | |
| r-release-windows-x86_64 | 0.1.0 | 4.00 | 60.00 | 64.00 | OK | |
| r-oldrel-macos-arm64 | 0.1.0 | 2.00 | 30.00 | 32.00 | OK | |
| r-oldrel-macos-x86_64 | 0.1.0 | 3.00 | 53.00 | 56.00 | OK | |
| r-oldrel-windows-x86_64 | 0.1.0 | 6.00 | 64.00 | 70.00 | OK |
Version: 0.1.0
Check: CRAN incoming feasibility
Result: NOTE
Maintainer: ‘Yannis Barboni <yannis.barboni1@gmail.com>’
The Description field contains
to local spread of plant diseases." 2019. <arXiv:1811.06782>, using a
Please refer to arXiv e-prints via their arXiv DOI <doi:10.48550/arXiv.YYMM.NNNNN>.
Flavors: r-devel-linux-x86_64-debian-clang, r-devel-linux-x86_64-debian-gcc
Version: 0.1.0
Check: dependencies in R code
Result: NOTE
Namespace in Imports field not imported from: ‘Matrix’
All declared Imports should be used.
Flavors: r-devel-linux-x86_64-fedora-clang, r-devel-linux-x86_64-fedora-gcc