Last updated on 2025-10-26 17:50:48 CET.
| Flavor | Version | Tinstall | Tcheck | Ttotal | Status | Flags |
|---|---|---|---|---|---|---|
| r-devel-linux-x86_64-debian-clang | 0.1.1 | 14.29 | 123.31 | 137.60 | NOTE | |
| r-devel-linux-x86_64-debian-gcc | 0.1.1 | 10.14 | 89.29 | 99.43 | NOTE | |
| r-devel-linux-x86_64-fedora-clang | 0.1.1 | 39.00 | 164.11 | 203.11 | NOTE | |
| r-devel-linux-x86_64-fedora-gcc | 0.1.1 | 31.00 | 167.30 | 198.30 | NOTE | |
| r-devel-windows-x86_64 | 0.1.1 | 16.00 | 117.00 | 133.00 | NOTE | |
| r-patched-linux-x86_64 | 0.1.1 | 14.67 | 117.06 | 131.73 | NOTE | |
| r-release-linux-x86_64 | 0.1.1 | 15.64 | 116.48 | 132.12 | NOTE | |
| r-release-macos-arm64 | 0.1.1 | 6.00 | 41.00 | 47.00 | NOTE | |
| r-release-macos-x86_64 | 0.1.1 | 11.00 | 79.00 | 90.00 | NOTE | |
| r-release-windows-x86_64 | 0.1.1 | 15.00 | 119.00 | 134.00 | NOTE | |
| r-oldrel-macos-arm64 | 0.1.1 | 6.00 | 43.00 | 49.00 | NOTE | |
| r-oldrel-macos-x86_64 | 0.1.1 | 9.00 | 62.00 | 71.00 | NOTE | |
| r-oldrel-windows-x86_64 | 0.1.1 | 21.00 | 152.00 | 173.00 | NOTE |
Version: 0.1.1
Check: Rd files
Result: NOTE
checkRd: (-1) ssaBSS-package.Rd:22: Lost braces in \itemize; meant \describe ?
checkRd: (-1) ssaBSS-package.Rd:23: Lost braces in \itemize; meant \describe ?
checkRd: (-1) ssaBSS-package.Rd:24: Lost braces in \itemize; meant \describe ?
checkRd: (-1) ssaBSS-package.Rd:25: Lost braces in \itemize; meant \describe ?
checkRd: (-1) ssaBSS-package.Rd:26: Lost braces in \itemize; meant \describe ?
Flavors: r-devel-linux-x86_64-debian-clang, r-devel-linux-x86_64-debian-gcc, r-devel-linux-x86_64-fedora-clang, r-devel-linux-x86_64-fedora-gcc, r-devel-windows-x86_64, r-patched-linux-x86_64, r-release-linux-x86_64, r-release-macos-arm64, r-release-macos-x86_64, r-release-windows-x86_64, r-oldrel-macos-arm64, r-oldrel-macos-x86_64, r-oldrel-windows-x86_64