Last updated on 2025-10-26 05:50:13 CET.
| Flavor | Version | Tinstall | Tcheck | Ttotal | Status | Flags |
|---|---|---|---|---|---|---|
| r-devel-linux-x86_64-debian-clang | 0.1.2 | 5.29 | 54.63 | 59.92 | NOTE | |
| r-devel-linux-x86_64-debian-gcc | 0.1.2 | 4.06 | 39.04 | 43.10 | NOTE | |
| r-devel-linux-x86_64-fedora-clang | 0.1.2 | 14.00 | 76.79 | 90.79 | OK | |
| r-devel-linux-x86_64-fedora-gcc | 0.1.2 | 11.00 | 76.11 | 87.11 | OK | |
| r-devel-windows-x86_64 | 0.1.2 | 7.00 | 64.00 | 71.00 | OK | |
| r-patched-linux-x86_64 | 0.1.2 | 5.18 | 50.40 | 55.58 | OK | |
| r-release-linux-x86_64 | 0.1.2 | 5.51 | 51.05 | 56.56 | OK | |
| r-release-macos-arm64 | 0.1.2 | 2.00 | 22.00 | 24.00 | OK | |
| r-release-macos-x86_64 | 0.1.2 | 4.00 | 37.00 | 41.00 | OK | |
| r-release-windows-x86_64 | 0.1.2 | 7.00 | 66.00 | 73.00 | OK | |
| r-oldrel-macos-arm64 | 0.1.2 | 2.00 | 21.00 | 23.00 | NOTE | |
| r-oldrel-macos-x86_64 | 0.1.2 | 6.00 | 39.00 | 45.00 | NOTE | |
| r-oldrel-windows-x86_64 | 0.1.2 | 9.00 | 82.00 | 91.00 | NOTE |
Version: 0.1.2
Check: CRAN incoming feasibility
Result: NOTE
Maintainer: ‘Vincent Guyader <vincent@thinkr.fr>’
No Authors@R field in DESCRIPTION.
Please add one, modifying
Authors@R: person(given = "Vincent",
family = "Guyader",
role = c("aut", "cre"),
email = "vincent@thinkr.fr")
as necessary.
Flavors: r-devel-linux-x86_64-debian-clang, r-devel-linux-x86_64-debian-gcc
Version: 0.1.2
Check: LazyData
Result: NOTE
'LazyData' is specified without a 'data' directory
Flavors: r-oldrel-macos-arm64, r-oldrel-macos-x86_64, r-oldrel-windows-x86_64