Last updated on 2025-10-26 05:50:13 CET.
| Flavor | Version | Tinstall | Tcheck | Ttotal | Status | Flags |
|---|---|---|---|---|---|---|
| r-devel-linux-x86_64-debian-clang | 0.2.5 | 25.35 | 24.28 | 49.63 | NOTE | |
| r-devel-linux-x86_64-debian-gcc | 0.2.5 | 16.79 | 20.41 | 37.20 | NOTE | |
| r-devel-linux-x86_64-fedora-clang | 0.2.5 | 100.00 | -1.15 | 98.85 | OK | |
| r-devel-linux-x86_64-fedora-gcc | 0.2.5 | 60.00 | 20.61 | 80.61 | OK | |
| r-devel-windows-x86_64 | 0.2.5 | 31.00 | 64.00 | 95.00 | OK | |
| r-patched-linux-x86_64 | 0.2.5 | 25.05 | 23.36 | 48.41 | OK | |
| r-release-linux-x86_64 | 0.2.5 | 25.25 | 23.38 | 48.63 | OK | |
| r-release-macos-arm64 | 0.2.5 | 11.00 | 15.00 | 26.00 | OK | |
| r-release-macos-x86_64 | 0.2.5 | 12.00 | 26.00 | 38.00 | OK | |
| r-release-windows-x86_64 | 0.2.5 | 32.00 | 66.00 | 98.00 | OK | |
| r-oldrel-macos-arm64 | 0.2.5 | 13.00 | 21.00 | 34.00 | OK | |
| r-oldrel-macos-x86_64 | 0.2.5 | 11.00 | 22.00 | 33.00 | OK | |
| r-oldrel-windows-x86_64 | 0.2.5 | 32.00 | 76.00 | 108.00 | OK |
Version: 0.2.5
Check: CRAN incoming feasibility
Result: NOTE
Maintainer: ‘Bob Rudis <bob@rud.is>’
No Authors@R field in DESCRIPTION.
Please add one, modifying
Authors@R: c(person(given = "Bob",
family = "Rudis",
role = c("aut", "cre"),
email = "bob@rud.is",
comment = "bob@rud.is"),
person(family = "SEOmoz"),
person(family = "Inc",
role = "aut"))
as necessary.
Flavors: r-devel-linux-x86_64-debian-clang, r-devel-linux-x86_64-debian-gcc