Last updated on 2025-11-27 01:48:48 CET.
| Flavor | Version | Tinstall | Tcheck | Ttotal | Status | Flags |
|---|---|---|---|---|---|---|
| r-devel-linux-x86_64-debian-clang | 1.0.2 | 32.29 | 41.90 | 74.19 | NOTE | |
| r-devel-linux-x86_64-debian-gcc | 1.0.2 | 26.36 | 32.55 | 58.91 | NOTE | |
| r-devel-linux-x86_64-fedora-clang | 1.0.2 | 80.00 | 41.55 | 121.55 | NOTE | |
| r-devel-linux-x86_64-fedora-gcc | 1.0.2 | 198.00 | -39.01 | 158.99 | NOTE | |
| r-devel-windows-x86_64 | 1.0.2 | 51.00 | 79.00 | 130.00 | NOTE | |
| r-patched-linux-x86_64 | 1.0.2 | 37.77 | 39.40 | 77.17 | NOTE | |
| r-release-linux-x86_64 | 1.0.2 | 37.92 | 39.91 | 77.83 | NOTE | |
| r-release-macos-arm64 | 1.0.2 | NOTE | ||||
| r-release-macos-x86_64 | 1.0.2 | 23.00 | 66.00 | 89.00 | NOTE | |
| r-release-windows-x86_64 | 1.0.2 | 43.00 | 83.00 | 126.00 | NOTE | |
| r-oldrel-macos-arm64 | 1.0.2 | NOTE | ||||
| r-oldrel-macos-x86_64 | 1.0.2 | 20.00 | 42.00 | 62.00 | NOTE | |
| r-oldrel-windows-x86_64 | 1.0.2 | 51.00 | 96.00 | 147.00 | NOTE |
Version: 1.0.2
Check: C++ specification
Result: NOTE
Specified C++11: please drop specification unless essential
Flavors: r-devel-linux-x86_64-debian-clang, r-devel-linux-x86_64-debian-gcc, r-devel-windows-x86_64, r-patched-linux-x86_64, r-release-linux-x86_64, r-release-macos-arm64, r-release-macos-x86_64, r-release-windows-x86_64, r-oldrel-macos-arm64, r-oldrel-macos-x86_64, r-oldrel-windows-x86_64
Version: 1.0.2
Check: C++ specification
Result: NOTE
Specified C++11: support will be removed soon
Flavors: r-devel-linux-x86_64-fedora-clang, r-devel-linux-x86_64-fedora-gcc
Version: 1.0.2
Check: installed package size
Result: NOTE
installed size is 6.9Mb
sub-directories of 1Mb or more:
libs 6.6Mb
Flavors: r-oldrel-macos-arm64, r-oldrel-macos-x86_64