Last updated on 2025-10-26 17:50:48 CET.
| Flavor | Version | Tinstall | Tcheck | Ttotal | Status | Flags |
|---|---|---|---|---|---|---|
| r-devel-linux-x86_64-debian-clang | 5.1-0 | 11.02 | 137.69 | 148.71 | OK | |
| r-devel-linux-x86_64-debian-gcc | 5.1-0 | 6.67 | 95.65 | 102.32 | OK | |
| r-devel-linux-x86_64-fedora-clang | 5.1-0 | 55.00 | 189.51 | 244.51 | OK | |
| r-devel-linux-x86_64-fedora-gcc | 5.1-0 | 29.00 | 199.28 | 228.28 | OK | |
| r-devel-windows-x86_64 | 5.1-0 | 14.00 | 153.00 | 167.00 | OK | |
| r-patched-linux-x86_64 | 5.1-0 | 9.83 | 129.63 | 139.46 | OK | |
| r-release-linux-x86_64 | 5.1-0 | 11.26 | 132.64 | 143.90 | OK | |
| r-release-macos-arm64 | 5.1-0 | 5.00 | 52.00 | 57.00 | OK | |
| r-release-macos-x86_64 | 5.1-0 | 14.00 | 113.00 | 127.00 | OK | |
| r-release-windows-x86_64 | 5.1-0 | 14.00 | 151.00 | 165.00 | OK | |
| r-oldrel-macos-arm64 | 5.1-0 | 5.00 | 60.00 | 65.00 | NOTE | |
| r-oldrel-macos-x86_64 | 5.1-0 | 11.00 | 162.00 | 173.00 | NOTE | |
| r-oldrel-windows-x86_64 | 5.1-0 | 20.00 | 197.00 | 217.00 | NOTE |
Version: 5.1-0
Check: package dependencies
Result: NOTE
Depends: includes the non-default packages:
'spatstat.data', 'spatstat.univar', 'spatstat.sparse',
'spatstat.geom', 'spatstat.random', 'spatstat.explore',
'spatstat.model', 'spatstat'
Adding so many packages to the search path is excessive and importing
selectively is preferable.
Flavors: r-oldrel-macos-arm64, r-oldrel-macos-x86_64, r-oldrel-windows-x86_64