CRAN Package Check Results for Package spass

Last updated on 2025-07-12 21:50:59 CEST.

Flavor Version Tinstall Tcheck Ttotal Status Flags
r-devel-linux-x86_64-debian-clang 1.3 25.52 96.69 122.21 NOTE
r-devel-linux-x86_64-debian-gcc 1.3 15.83 69.05 84.88 NOTE
r-devel-linux-x86_64-fedora-clang 1.3 198.32 OK
r-devel-linux-x86_64-fedora-gcc 1.3 178.32 OK
r-devel-windows-x86_64 1.3 28.00 117.00 145.00 OK
r-patched-linux-x86_64 1.3 25.24 92.01 117.25 OK
r-release-linux-x86_64 1.3 22.61 90.08 112.69 OK
r-release-macos-arm64 1.3 51.00 OK
r-release-macos-x86_64 1.3 98.00 OK
r-release-windows-x86_64 1.3 26.00 126.00 152.00 OK
r-oldrel-macos-arm64 1.3 47.00 NOTE
r-oldrel-macos-x86_64 1.3 70.00 NOTE
r-oldrel-windows-x86_64 1.3 36.00 146.00 182.00 NOTE

Check Details

Version: 1.3
Check: CRAN incoming feasibility
Result: NOTE Maintainer: ‘Marius Placzek <marius.placzek@med.uni-goettingen.de>’ No Authors@R field in DESCRIPTION. Please add one, modifying Authors@R: c(person(given = "T.", family = "Asendorf", role = "aut"), person(given = "R.", family = "Gera", role = "aut"), person(given = "S.", family = "Islam", role = "aut"), person(given = "M.", family = "Harden", role = "aut"), person(given = "M.", family = "Placzek", role = "aut"), person(given = "Marius", family = "Placzek", role = "cre", email = "marius.placzek@med.uni-goettingen.de")) as necessary. Flavors: r-devel-linux-x86_64-debian-clang, r-devel-linux-x86_64-debian-gcc

Version: 1.3
Check: LazyData
Result: NOTE 'LazyData' is specified without a 'data' directory Flavors: r-oldrel-macos-arm64, r-oldrel-macos-x86_64, r-oldrel-windows-x86_64