Last updated on 2025-11-26 17:50:08 CET.
| Flavor | Version | Tinstall | Tcheck | Ttotal | Status | Flags |
|---|---|---|---|---|---|---|
| r-devel-linux-x86_64-debian-clang | 1.0.1 | 6.12 | 54.28 | 60.40 | NOTE | |
| r-devel-linux-x86_64-debian-gcc | 1.0.1 | 4.75 | 42.40 | 47.15 | NOTE | |
| r-devel-linux-x86_64-fedora-clang | 1.0.1 | 14.00 | 79.26 | 93.26 | OK | |
| r-devel-linux-x86_64-fedora-gcc | 1.0.1 | 12.00 | 74.37 | 86.37 | OK | |
| r-devel-windows-x86_64 | 1.0.1 | 9.00 | 63.00 | 72.00 | OK | |
| r-patched-linux-x86_64 | 1.0.1 | 6.51 | 51.01 | 57.52 | OK | |
| r-release-linux-x86_64 | 1.0.1 | 5.26 | 50.97 | 56.23 | OK | |
| r-release-macos-arm64 | 1.0.1 | OK | ||||
| r-release-macos-x86_64 | 1.0.1 | 5.00 | 49.00 | 54.00 | OK | |
| r-release-windows-x86_64 | 1.0.1 | 7.00 | 77.00 | 84.00 | OK | |
| r-oldrel-macos-arm64 | 1.0.1 | OK | ||||
| r-oldrel-macos-x86_64 | 1.0.1 | 4.00 | 40.00 | 44.00 | OK | |
| r-oldrel-windows-x86_64 | 1.0.1 | 9.00 | 77.00 | 86.00 | OK |
Version: 1.0.1
Check: CRAN incoming feasibility
Result: NOTE
Maintainer: ‘Gertjan van den Burg <gertjanvandenburg@gmail.com>’
Package CITATION file contains call(s) to old-style personList() or
as.personList(). Please use c() on person objects instead.
The Description field contains
<arXiv:1701.06967>. In the model, a regularization term is added to the
Please refer to arXiv e-prints via their arXiv DOI <doi:10.48550/arXiv.YYMM.NNNNN>.
The BugReports field in DESCRIPTION has
https://github.com/GjjvdBurg/SparseStep
which should likely be
https://github.com/GjjvdBurg/SparseStep/issues
instead.
Flavors: r-devel-linux-x86_64-debian-clang, r-devel-linux-x86_64-debian-gcc