Last updated on 2025-10-26 05:50:13 CET.
| Flavor | Version | Tinstall | Tcheck | Ttotal | Status | Flags |
|---|---|---|---|---|---|---|
| r-devel-linux-x86_64-debian-clang | 0.1 | 1.66 | 20.00 | 21.66 | NOTE | |
| r-devel-linux-x86_64-debian-gcc | 0.1 | 1.33 | 16.53 | 17.86 | NOTE | |
| r-devel-linux-x86_64-fedora-clang | 0.1 | 32.36 | OK | |||
| r-devel-linux-x86_64-fedora-gcc | 0.1 | 30.59 | OK | |||
| r-devel-windows-x86_64 | 0.1 | 2.00 | 40.00 | 42.00 | OK | |
| r-patched-linux-x86_64 | 0.1 | 1.66 | 19.15 | 20.81 | OK | |
| r-release-linux-x86_64 | 0.1 | 1.65 | 19.10 | 20.75 | OK | |
| r-release-macos-arm64 | 0.1 | 1.00 | 14.00 | 15.00 | OK | |
| r-release-macos-x86_64 | 0.1 | 1.00 | 22.00 | 23.00 | OK | |
| r-release-windows-x86_64 | 0.1 | 4.00 | 44.00 | 48.00 | OK | |
| r-oldrel-macos-arm64 | 0.1 | 1.00 | 13.00 | 14.00 | OK | |
| r-oldrel-macos-x86_64 | 0.1 | 1.00 | 19.00 | 20.00 | OK | |
| r-oldrel-windows-x86_64 | 0.1 | 3.00 | 41.00 | 44.00 | OK |
Version: 0.1
Check: CRAN incoming feasibility
Result: NOTE
Maintainer: ‘Thomas Leeper <thosjleeper@gmail.com>’
Package CITATION file contains call(s) to old-style personList() or
as.personList(). Please use c() on person objects instead.
Package CITATION file contains call(s) to old-style citEntry(). Please
use bibentry() instead.
Flavors: r-devel-linux-x86_64-debian-clang, r-devel-linux-x86_64-debian-gcc