Last updated on 2025-10-26 05:50:12 CET.
| Flavor | Version | Tinstall | Tcheck | Ttotal | Status | Flags |
|---|---|---|---|---|---|---|
| r-devel-linux-x86_64-debian-clang | 0.8.21 | 10.61 | 101.37 | 111.98 | NOTE | |
| r-devel-linux-x86_64-debian-gcc | 0.8.21 | 6.98 | 73.22 | 80.20 | NOTE | |
| r-devel-linux-x86_64-fedora-clang | 0.8.21 | 46.00 | 142.46 | 188.46 | NOTE | |
| r-devel-linux-x86_64-fedora-gcc | 0.8.21 | 22.00 | 163.77 | 185.77 | NOTE | |
| r-devel-windows-x86_64 | 0.8.21 | 11.00 | 102.00 | 113.00 | NOTE | |
| r-patched-linux-x86_64 | 0.8.21 | 10.74 | 97.16 | 107.90 | NOTE | |
| r-release-linux-x86_64 | 0.8.21 | 10.41 | 97.77 | 108.18 | NOTE | |
| r-release-macos-arm64 | 0.8.21 | 4.00 | 47.00 | 51.00 | NOTE | |
| r-release-macos-x86_64 | 0.8.21 | 7.00 | 90.00 | 97.00 | NOTE | |
| r-release-windows-x86_64 | 0.8.21 | 14.00 | 104.00 | 118.00 | NOTE | |
| r-oldrel-macos-arm64 | 0.8.21 | 4.00 | 41.00 | 45.00 | NOTE | |
| r-oldrel-macos-x86_64 | 0.8.21 | 5.00 | 64.00 | 69.00 | NOTE | |
| r-oldrel-windows-x86_64 | 0.8.21 | 16.00 | 131.00 | 147.00 | NOTE |
Version: 0.8.21
Check: Rd files
Result: NOTE
checkRd: (-1) load_sorvi_data.Rd:23: Lost braces in \itemize; meant \describe ?
Flavors: r-devel-linux-x86_64-debian-clang, r-devel-linux-x86_64-debian-gcc, r-devel-linux-x86_64-fedora-clang, r-devel-linux-x86_64-fedora-gcc, r-devel-windows-x86_64, r-patched-linux-x86_64, r-release-linux-x86_64, r-release-macos-arm64, r-release-macos-x86_64, r-release-windows-x86_64, r-oldrel-macos-arm64, r-oldrel-macos-x86_64, r-oldrel-windows-x86_64