Last updated on 2025-10-26 21:51:17 CET.
| Flavor | Version | Tinstall | Tcheck | Ttotal | Status | Flags |
|---|---|---|---|---|---|---|
| r-devel-linux-x86_64-debian-clang | 1.0.0 | 1.61 | 39.63 | 41.24 | NOTE | |
| r-devel-linux-x86_64-debian-gcc | 1.0.0 | 1.38 | 29.57 | 30.95 | NOTE | |
| r-devel-linux-x86_64-fedora-clang | 1.0.0 | 64.14 | OK | |||
| r-devel-linux-x86_64-fedora-gcc | 1.0.0 | 72.10 | OK | |||
| r-devel-windows-x86_64 | 1.0.0 | 3.00 | 81.00 | 84.00 | OK | |
| r-patched-linux-x86_64 | 1.0.0 | 1.76 | 36.91 | 38.67 | OK | |
| r-release-linux-x86_64 | 1.0.0 | 1.65 | 37.52 | 39.17 | OK | |
| r-release-macos-arm64 | 1.0.0 | 1.00 | 29.00 | 30.00 | OK | |
| r-release-macos-x86_64 | 1.0.0 | 2.00 | 49.00 | 51.00 | OK | |
| r-release-windows-x86_64 | 1.0.0 | 3.00 | 85.00 | 88.00 | OK | |
| r-oldrel-macos-arm64 | 1.0.0 | 1.00 | 26.00 | 27.00 | OK | |
| r-oldrel-macos-x86_64 | 1.0.0 | 2.00 | 40.00 | 42.00 | OK | |
| r-oldrel-windows-x86_64 | 1.0.0 | 3.00 | 91.00 | 94.00 | OK |
Version: 1.0.0
Check: CRAN incoming feasibility
Result: NOTE
Maintainer: ‘Svetlana Eden <svetlana.eden@vanderbilt.edu>’
No Authors@R field in DESCRIPTION.
Please add one, modifying
Authors@R: person(given = "Svetlana",
family = "Eden",
role = c("aut", "cre"),
email = "svetlana.eden@vanderbilt.edu")
as necessary.
Flavors: r-devel-linux-x86_64-debian-clang, r-devel-linux-x86_64-debian-gcc