Last updated on 2025-11-26 17:50:07 CET.
| Flavor | Version | Tinstall | Tcheck | Ttotal | Status | Flags |
|---|---|---|---|---|---|---|
| r-devel-linux-x86_64-debian-clang | 1.6 | 4.85 | 60.37 | 65.22 | NOTE | |
| r-devel-linux-x86_64-debian-gcc | 1.6 | 4.72 | 46.53 | 51.25 | NOTE | |
| r-devel-linux-x86_64-fedora-clang | 1.6 | 13.00 | 90.97 | 103.97 | OK | |
| r-devel-linux-x86_64-fedora-gcc | 1.6 | 13.00 | 87.54 | 100.54 | OK | |
| r-devel-windows-x86_64 | 1.6 | 8.00 | 72.00 | 80.00 | OK | |
| r-patched-linux-x86_64 | 1.6 | 5.01 | 56.34 | 61.35 | OK | |
| r-release-linux-x86_64 | 1.6 | 5.19 | 57.51 | 62.70 | OK | |
| r-release-macos-arm64 | 1.6 | OK | ||||
| r-release-macos-x86_64 | 1.6 | 6.00 | 61.00 | 67.00 | OK | |
| r-release-windows-x86_64 | 1.6 | 7.00 | 95.00 | 102.00 | OK | |
| r-oldrel-macos-arm64 | 1.6 | OK | ||||
| r-oldrel-macos-x86_64 | 1.6 | 4.00 | 45.00 | 49.00 | OK | |
| r-oldrel-windows-x86_64 | 1.6 | 10.00 | 89.00 | 99.00 | OK |
Version: 1.6
Check: CRAN incoming feasibility
Result: NOTE
Maintainer: ‘Georg Hahn <ghahn@hsph.harvard.edu>’
No Authors@R field in DESCRIPTION.
Please add one, modifying
Authors@R: c(person(given = "Georg",
family = "Hahn",
role = c("aut", "cre"),
email = "ghahn@hsph.harvard.edu"),
person(given = c("Sharon", "M."),
family = "Lutz",
role = "ctb"),
person(given = "Nilanjana",
family = "Laha",
role = "ctb"),
person(given = "Christoph",
family = "Lange",
role = "ctb"))
as necessary.
Flavors: r-devel-linux-x86_64-debian-clang, r-devel-linux-x86_64-debian-gcc