Last updated on 2025-11-27 09:49:52 CET.
| Flavor | Version | Tinstall | Tcheck | Ttotal | Status | Flags |
|---|---|---|---|---|---|---|
| r-devel-linux-x86_64-debian-clang | 0.1 | 2.29 | 29.39 | 31.68 | NOTE | |
| r-devel-linux-x86_64-debian-gcc | 0.1 | 1.84 | 24.24 | 26.08 | NOTE | |
| r-devel-linux-x86_64-fedora-clang | 0.1 | 47.46 | OK | |||
| r-devel-linux-x86_64-fedora-gcc | 0.1 | 57.74 | OK | |||
| r-devel-windows-x86_64 | 0.1 | 5.00 | 58.00 | 63.00 | OK | |
| r-patched-linux-x86_64 | 0.1 | 2.53 | 27.67 | 30.20 | OK | |
| r-release-linux-x86_64 | 0.1 | 2.23 | 27.95 | 30.18 | OK | |
| r-release-macos-arm64 | 0.1 | OK | ||||
| r-release-macos-x86_64 | 0.1 | 2.00 | 43.00 | 45.00 | OK | |
| r-release-windows-x86_64 | 0.1 | 3.00 | 75.00 | 78.00 | OK | |
| r-oldrel-macos-arm64 | 0.1 | OK | ||||
| r-oldrel-macos-x86_64 | 0.1 | 3.00 | 49.00 | 52.00 | OK | |
| r-oldrel-windows-x86_64 | 0.1 | 5.00 | 63.00 | 68.00 | OK |
Version: 0.1
Check: CRAN incoming feasibility
Result: NOTE
Maintainer: ‘Abhishek Nandy <nandy006@umn.edu>’
No Authors@R field in DESCRIPTION.
Please add one, modifying
Authors@R: person(given = "Abhishek",
family = "Nandy",
role = c("aut", "cre"),
email = "nandy006@umn.edu")
as necessary.
Flavors: r-devel-linux-x86_64-debian-clang, r-devel-linux-x86_64-debian-gcc