Last updated on 2025-10-25 13:48:50 CEST.
| Flavor | Version | Tinstall | Tcheck | Ttotal | Status | Flags |
|---|---|---|---|---|---|---|
| r-devel-linux-x86_64-debian-clang | 2.0.0 | 2.48 | 34.75 | 37.23 | OK | |
| r-devel-linux-x86_64-debian-gcc | 2.0.0 | 2.52 | 27.30 | 29.82 | OK | |
| r-devel-linux-x86_64-fedora-clang | 2.0.0 | 17.00 | 47.10 | 64.10 | OK | |
| r-devel-linux-x86_64-fedora-gcc | 2.0.0 | 58.29 | OK | |||
| r-devel-windows-x86_64 | 2.0.0 | 5.00 | 55.00 | 60.00 | OK | |
| r-patched-linux-x86_64 | 2.0.0 | 3.74 | 34.10 | 37.84 | OK | |
| r-release-linux-x86_64 | 2.0.0 | 3.43 | 34.67 | 38.10 | OK | |
| r-release-macos-arm64 | 2.0.0 | 2.00 | 27.00 | 29.00 | OK | |
| r-release-macos-x86_64 | 2.0.0 | 4.00 | 41.00 | 45.00 | OK | |
| r-release-windows-x86_64 | 2.0.0 | 4.00 | 56.00 | 60.00 | OK | |
| r-oldrel-macos-arm64 | 2.0.0 | 2.00 | 24.00 | 26.00 | NOTE | |
| r-oldrel-macos-x86_64 | 2.0.0 | 2.00 | 31.00 | 33.00 | NOTE | |
| r-oldrel-windows-x86_64 | 2.0.0 | 6.00 | 66.00 | 72.00 | OK |
Version: 2.0.0
Check: package dependencies
Result: NOTE
Package suggested but not available for checking: ‘captioner’
Flavors: r-oldrel-macos-arm64, r-oldrel-macos-x86_64