CRAN Package Check Results for Package sjmisc

Last updated on 2025-07-08 17:49:56 CEST.

Flavor Version Tinstall Tcheck Ttotal Status Flags
r-devel-linux-x86_64-debian-clang 2.8.10 8.37 96.13 104.50 NOTE
r-devel-linux-x86_64-debian-gcc 2.8.10 5.65 70.91 76.56 NOTE
r-devel-linux-x86_64-fedora-clang 2.8.10 157.55 OK
r-devel-linux-x86_64-fedora-gcc 2.8.10 160.61 OK
r-devel-windows-x86_64 2.8.10 9.00 120.00 129.00 NOTE
r-patched-linux-x86_64 2.8.10 9.24 89.39 98.63 NOTE
r-release-linux-x86_64 2.8.10 6.69 99.50 106.19 NOTE
r-release-macos-arm64 2.8.10 56.00 OK
r-release-macos-x86_64 2.8.10 100.00 OK
r-release-windows-x86_64 2.8.10 9.00 119.00 128.00 NOTE
r-oldrel-macos-arm64 2.8.10 68.00 OK
r-oldrel-macos-x86_64 2.8.10 77.00 OK
r-oldrel-windows-x86_64 2.8.10 12.00 153.00 165.00 OK

Check Details

Version: 2.8.10
Check: Rd cross-references
Result: NOTE Found the following Rd file(s) with Rd \link{} targets missing package anchors: to_value.Rd: set_labels Please provide package anchors for all Rd \link{} targets not in the package itself and the base packages. Flavors: r-devel-linux-x86_64-debian-clang, r-devel-linux-x86_64-debian-gcc, r-devel-windows-x86_64, r-patched-linux-x86_64, r-release-linux-x86_64, r-release-windows-x86_64