Last updated on 2025-10-26 05:50:12 CET.
| Flavor | Version | Tinstall | Tcheck | Ttotal | Status | Flags |
|---|---|---|---|---|---|---|
| r-devel-linux-x86_64-debian-clang | 0.7.1 | 6.87 | 100.11 | 106.98 | NOTE | |
| r-devel-linux-x86_64-debian-gcc | 0.7.1 | 4.59 | 68.01 | 72.60 | NOTE | |
| r-devel-linux-x86_64-fedora-clang | 0.7.1 | 17.00 | 144.16 | 161.16 | NOTE | |
| r-devel-linux-x86_64-fedora-gcc | 0.7.1 | 17.00 | 150.00 | 167.00 | NOTE | |
| r-devel-windows-x86_64 | 0.7.1 | 9.00 | 106.00 | 115.00 | NOTE | |
| r-patched-linux-x86_64 | 0.7.1 | 6.21 | 92.12 | 98.33 | NOTE | |
| r-release-linux-x86_64 | 0.7.1 | 7.18 | 91.94 | 99.12 | NOTE | |
| r-release-macos-arm64 | 0.7.1 | 3.00 | 51.00 | 54.00 | NOTE | |
| r-release-macos-x86_64 | 0.7.1 | 6.00 | 83.00 | 89.00 | NOTE | |
| r-release-windows-x86_64 | 0.7.1 | 11.00 | 110.00 | 121.00 | NOTE | |
| r-oldrel-macos-arm64 | 0.7.1 | 3.00 | 48.00 | 51.00 | NOTE | |
| r-oldrel-macos-x86_64 | 0.7.1 | 5.00 | 77.00 | 82.00 | NOTE | |
| r-oldrel-windows-x86_64 | 0.7.1 | 13.00 | 133.00 | 146.00 | NOTE |
Version: 0.7.1
Check: Rd files
Result: NOTE
checkRd: (-1) inlandwaters.Rd:14: Lost braces in \itemize; meant \describe ?
checkRd: (-1) inlandwaters.Rd:15: Lost braces in \itemize; meant \describe ?
checkRd: (-1) inlandwaters.Rd:16: Lost braces in \itemize; meant \describe ?
checkRd: (-1) inlandwaters.Rd:17: Lost braces in \itemize; meant \describe ?
checkRd: (-1) inlandwaters.Rd:18: Lost braces in \itemize; meant \describe ?
checkRd: (-1) inlandwaters.Rd:19: Lost braces in \itemize; meant \describe ?
Flavors: r-devel-linux-x86_64-debian-clang, r-devel-linux-x86_64-debian-gcc, r-devel-linux-x86_64-fedora-clang, r-devel-linux-x86_64-fedora-gcc, r-devel-windows-x86_64, r-patched-linux-x86_64, r-release-linux-x86_64, r-release-macos-arm64, r-release-macos-x86_64, r-release-windows-x86_64, r-oldrel-macos-arm64, r-oldrel-macos-x86_64, r-oldrel-windows-x86_64