Last updated on 2025-10-26 13:50:09 CET.
| Flavor | Version | Tinstall | Tcheck | Ttotal | Status | Flags |
|---|---|---|---|---|---|---|
| r-devel-linux-x86_64-debian-clang | 0.3.0 | 1.91 | 22.94 | 24.85 | NOTE | |
| r-devel-linux-x86_64-debian-gcc | 0.3.0 | 1.26 | 18.63 | 19.89 | NOTE | |
| r-devel-linux-x86_64-fedora-clang | 0.3.0 | 35.56 | OK | |||
| r-devel-linux-x86_64-fedora-gcc | 0.3.0 | 34.14 | OK | |||
| r-devel-windows-x86_64 | 0.3.0 | 4.00 | 122.00 | 126.00 | OK | |
| r-patched-linux-x86_64 | 0.3.0 | 1.88 | 21.70 | 23.58 | OK | |
| r-release-linux-x86_64 | 0.3.0 | 1.70 | 21.89 | 23.59 | OK | |
| r-release-macos-arm64 | 0.3.0 | 1.00 | 18.00 | 19.00 | OK | |
| r-release-macos-x86_64 | 0.3.0 | 2.00 | 26.00 | 28.00 | OK | |
| r-release-windows-x86_64 | 0.3.0 | 4.00 | 48.00 | 52.00 | OK | |
| r-oldrel-macos-arm64 | 0.3.0 | 1.00 | 16.00 | 17.00 | OK | |
| r-oldrel-macos-x86_64 | 0.3.0 | 2.00 | 22.00 | 24.00 | OK | |
| r-oldrel-windows-x86_64 | 0.3.0 | 4.00 | 52.00 | 56.00 | OK |
Version: 0.3.0
Check: CRAN incoming feasibility
Result: NOTE
Maintainer: ‘Carlos Mercado <carlos.mercado@flipsidecrypto.com>’
No Authors@R field in DESCRIPTION.
Please add one, modifying
Authors@R: person(given = "Carlos",
family = "Mercado",
role = c("aut", "cre"),
email = "carlos.mercado@flipsidecrypto.com")
as necessary.
Flavors: r-devel-linux-x86_64-debian-clang, r-devel-linux-x86_64-debian-gcc