Last updated on 2025-10-26 05:50:12 CET.
| Flavor | Version | Tinstall | Tcheck | Ttotal | Status | Flags |
|---|---|---|---|---|---|---|
| r-devel-linux-x86_64-debian-clang | 1.1.1 | 20.01 | 311.38 | 331.39 | OK | |
| r-devel-linux-x86_64-debian-gcc | 1.1.1 | 13.79 | 282.63 | 296.42 | OK | |
| r-devel-linux-x86_64-fedora-clang | 1.1.1 | 99.00 | 447.71 | 546.71 | OK | |
| r-devel-linux-x86_64-fedora-gcc | 1.1.1 | 48.00 | 458.38 | 506.38 | OK | |
| r-devel-windows-x86_64 | 1.1.1 | 13.00 | 182.00 | 195.00 | ERROR | |
| r-patched-linux-x86_64 | 1.1.1 | 18.38 | 301.80 | 320.18 | OK | |
| r-release-linux-x86_64 | 1.1.1 | 18.01 | 301.35 | 319.36 | OK | |
| r-release-macos-arm64 | 1.1.1 | 4.00 | 33.00 | 37.00 | OK | |
| r-release-macos-x86_64 | 1.1.1 | 8.00 | 61.00 | 69.00 | OK | |
| r-release-windows-x86_64 | 1.1.1 | 9.00 | 11.00 | 20.00 | ERROR | |
| r-oldrel-macos-arm64 | 1.1.1 | 4.00 | 37.00 | 41.00 | OK | |
| r-oldrel-macos-x86_64 | 1.1.1 | 7.00 | 61.00 | 68.00 | OK | |
| r-oldrel-windows-x86_64 | 1.1.1 | 18.00 | 9.00 | 27.00 | ERROR |
Version: 1.1.1
Check: examples
Result: ERROR
Running examples in 'shrinkGPR-Ex.R' failed
The error most likely occurred in:
> ### Name: kernel_functions
> ### Title: Kernel Functions for Gaussian Processes
> ### Aliases: kernel_functions kernel_se kernel_matern_12 kernel_matern_32
> ### kernel_matern_52
>
> ### ** Examples
>
> if (torch::torch_is_installed()) {
+ # Example inputs
+ torch::torch_manual_seed(123)
+ n_latent <- 3
+ d <- 2
+ N <- 5
+ thetas <- torch::torch_randn(n_latent, d)$abs()
+ tau <- torch::torch_randn(n_latent)$abs()
+ x <- torch::torch_randn(N, d)
+
+ # Compute the SE kernel
+ K_se <- kernel_se(thetas, tau, x)
+ print(K_se)
+
+ # Compute the Matérn 3/2 kernel
+ K_matern32 <- kernel_matern_32(thetas, tau, x)
+ print(K_matern32)
+
+ # Compute the Matérn 5/2 kernel with x_star
+ x_star <- torch::torch_randn(3, d)
+ K_matern52 <- kernel_matern_52(thetas, tau, x, x_star)
+ print(K_matern52)
+ }
Flavor: r-devel-windows-x86_64
Version: 1.1.1
Check: tests
Result: ERROR
Running 'testthat.R' [3s]
Running the tests in 'tests/testthat.R' failed.
Complete output:
> # This file is part of the standard setup for testthat.
> # It is recommended that you do not modify it.
> #
> # Where should you do additional test configuration?
> # Learn more about the roles of various files in:
> # * https://r-pkgs.org/testing-design.html#sec-tests-files-overview
> # * https://testthat.r-lib.org/articles/special-files.html
>
> library(testthat)
> library(shrinkGPR)
Welcome to shrinkGPR version 1.1.1.
NOTE: No CUDA installation detected. This may be quite slow for larger datasets.
Consider installing CUDA for GPU acceleration. Information on this can be found at:
https://cran.r-project.org/web/packages/torch/vignettes/installation.html
>
> test_check("shrinkGPR")
Flavor: r-devel-windows-x86_64
Version: 1.1.1
Check: whether the package can be loaded
Result: ERROR
Loading this package had a fatal error status code 1
Loading log:
Error: package or namespace load failed for 'shrinkGPR':
.onLoad failed in loadNamespace() for 'shrinkGPR', details:
call: cpp_jit_compile(source)
error: Lantern is not loaded. Please use `install_torch()` to install additional dependencies.
In addition: Warning message:
Torch libraries are installed but loading them caused a segfault.
Please reinstall torch with `install_torch(reinstall = TRUE)`
You can disable this check by setting `TORCH_VERIFY_LOAD` to "FALSE"
! callr subprocess failed: could not start R, exited with non-zero status, has
crashed or was killed
Execution halted
Flavor: r-release-windows-x86_64
Version: 1.1.1
Check: whether package can be installed
Result: ERROR
Installation failed.
Flavor: r-oldrel-windows-x86_64