Last updated on 2025-10-26 09:50:09 CET.
| Flavor | Version | Tinstall | Tcheck | Ttotal | Status | Flags | 
|---|---|---|---|---|---|---|
| r-devel-linux-x86_64-debian-clang | 0.1.0 | 1.63 | 20.20 | 21.83 | NOTE | |
| r-devel-linux-x86_64-debian-gcc | 0.1.0 | 1.42 | 16.99 | 18.41 | NOTE | |
| r-devel-linux-x86_64-fedora-clang | 0.1.0 | 30.91 | NOTE | |||
| r-devel-linux-x86_64-fedora-gcc | 0.1.0 | 45.96 | NOTE | |||
| r-devel-windows-x86_64 | 0.1.0 | 2.00 | 37.00 | 39.00 | OK | |
| r-patched-linux-x86_64 | 0.1.0 | 1.57 | 18.27 | 19.84 | NOTE | |
| r-release-linux-x86_64 | 0.1.0 | 1.59 | 18.18 | 19.77 | NOTE | |
| r-release-macos-arm64 | 0.1.0 | 1.00 | 26.00 | 27.00 | OK | |
| r-release-macos-x86_64 | 0.1.0 | 1.00 | 33.00 | 34.00 | OK | |
| r-release-windows-x86_64 | 0.1.0 | 3.00 | 39.00 | 42.00 | OK | |
| r-oldrel-macos-arm64 | 0.1.0 | 1.00 | 19.00 | 20.00 | NOTE | |
| r-oldrel-macos-x86_64 | 0.1.0 | 1.00 | 27.00 | 28.00 | NOTE | |
| r-oldrel-windows-x86_64 | 0.1.0 | 2.00 | 50.00 | 52.00 | NOTE | 
Version: 0.1.0
Check: for non-standard things in the check directory
Result: NOTE
  Found the following files/directories:
    ‘.shiny_run’ ‘shinyShortcut.desktop’
Flavors: r-devel-linux-x86_64-debian-clang, r-devel-linux-x86_64-debian-gcc, r-devel-linux-x86_64-fedora-clang, r-devel-linux-x86_64-fedora-gcc, r-patched-linux-x86_64, r-release-linux-x86_64
Version: 0.1.0
Check: LazyData
Result: NOTE
    'LazyData' is specified without a 'data' directory
Flavors: r-oldrel-macos-arm64, r-oldrel-macos-x86_64, r-oldrel-windows-x86_64