Last updated on 2025-11-26 05:51:51 CET.
| Flavor | Version | Tinstall | Tcheck | Ttotal | Status | Flags |
|---|---|---|---|---|---|---|
| r-devel-linux-x86_64-debian-clang | 0.1.2 | 10.24 | 70.40 | 80.64 | NOTE | |
| r-devel-linux-x86_64-debian-gcc | 0.1.2 | 5.87 | 52.39 | 58.26 | NOTE | |
| r-devel-linux-x86_64-fedora-clang | 0.1.2 | 20.00 | 104.11 | 124.11 | OK | |
| r-devel-linux-x86_64-fedora-gcc | 0.1.2 | 18.00 | 113.66 | 131.66 | OK | |
| r-devel-windows-x86_64 | 0.1.2 | 14.00 | 81.00 | 95.00 | OK | |
| r-patched-linux-x86_64 | 0.1.2 | 8.80 | 66.53 | 75.33 | OK | |
| r-release-linux-x86_64 | 0.1.2 | 8.66 | 66.73 | 75.39 | OK | |
| r-release-macos-arm64 | 0.1.2 | OK | ||||
| r-release-macos-x86_64 | 0.1.2 | 7.00 | 60.00 | 67.00 | OK | |
| r-release-windows-x86_64 | 0.1.2 | 10.00 | 98.00 | 108.00 | OK | |
| r-oldrel-macos-arm64 | 0.1.2 | NOTE | ||||
| r-oldrel-macos-x86_64 | 0.1.2 | 5.00 | 50.00 | 55.00 | NOTE | |
| r-oldrel-windows-x86_64 | 0.1.2 | 16.00 | 99.00 | 115.00 | NOTE |
Version: 0.1.2
Check: CRAN incoming feasibility
Result: NOTE
Maintainer: ‘Sinead E. Morris <sinead.morris@columbia.edu>’
Package CITATION file contains call(s) to old-style citEntry(). Please
use bibentry() instead.
Flavors: r-devel-linux-x86_64-debian-clang, r-devel-linux-x86_64-debian-gcc
Version: 0.1.2
Check: LazyData
Result: NOTE
'LazyData' is specified without a 'data' directory
Flavors: r-oldrel-macos-arm64, r-oldrel-macos-x86_64, r-oldrel-windows-x86_64