Last updated on 2025-10-26 09:50:09 CET.
| Flavor | Version | Tinstall | Tcheck | Ttotal | Status | Flags | 
|---|---|---|---|---|---|---|
| r-devel-linux-x86_64-debian-clang | 1.0.1 | 17.16 | 106.20 | 123.36 | NOTE | |
| r-devel-linux-x86_64-debian-gcc | 1.0.1 | 11.50 | 74.01 | 85.51 | NOTE | |
| r-devel-linux-x86_64-fedora-clang | 1.0.1 | 45.00 | 139.83 | 184.83 | OK | |
| r-devel-linux-x86_64-fedora-gcc | 1.0.1 | 45.00 | 132.58 | 177.58 | OK | |
| r-devel-windows-x86_64 | 1.0.1 | 17.00 | 101.00 | 118.00 | OK | |
| r-patched-linux-x86_64 | 1.0.1 | 15.65 | 99.15 | 114.80 | OK | |
| r-release-linux-x86_64 | 1.0.1 | 16.09 | 99.34 | 115.43 | OK | |
| r-release-macos-arm64 | 1.0.1 | 7.00 | 45.00 | 52.00 | OK | |
| r-release-macos-x86_64 | 1.0.1 | 12.00 | 69.00 | 81.00 | OK | |
| r-release-windows-x86_64 | 1.0.1 | 16.00 | 100.00 | 116.00 | OK | |
| r-oldrel-macos-arm64 | 1.0.1 | 6.00 | 37.00 | 43.00 | NOTE | |
| r-oldrel-macos-x86_64 | 1.0.1 | 10.00 | 58.00 | 68.00 | NOTE | |
| r-oldrel-windows-x86_64 | 1.0.1 | 22.00 | 129.00 | 151.00 | NOTE | 
Version: 1.0.1
Check: CRAN incoming feasibility
Result: NOTE
  Maintainer: ‘Jean Bertin <jean.bertin@mines-paris.org>’
  
  No Authors@R field in DESCRIPTION.
  Please add one, modifying
    Authors@R: person(given = "Jean",
                      family = "Bertin",
                      role = c("aut", "cre"),
                      email = "jean.bertin@mines-paris.org")
  as necessary.
Flavors: r-devel-linux-x86_64-debian-clang, r-devel-linux-x86_64-debian-gcc
Version: 1.0.1
Check: LazyData
Result: NOTE
    'LazyData' is specified without a 'data' directory
Flavors: r-oldrel-macos-arm64, r-oldrel-macos-x86_64, r-oldrel-windows-x86_64