Last updated on 2025-10-25 17:48:51 CEST.
| Flavor | Version | Tinstall | Tcheck | Ttotal | Status | Flags |
|---|---|---|---|---|---|---|
| r-devel-linux-x86_64-debian-clang | 0.1.3 | 3.24 | 31.94 | 35.18 | OK | |
| r-devel-linux-x86_64-debian-gcc | 0.1.3 | 2.41 | 25.44 | 27.85 | OK | |
| r-devel-linux-x86_64-fedora-clang | 0.1.3 | 10.00 | 41.80 | 51.80 | OK | |
| r-devel-linux-x86_64-fedora-gcc | 0.1.3 | 51.42 | OK | |||
| r-devel-windows-x86_64 | 0.1.3 | 5.00 | 53.00 | 58.00 | OK | |
| r-patched-linux-x86_64 | 0.1.3 | 2.74 | 30.64 | 33.38 | OK | |
| r-release-linux-x86_64 | 0.1.3 | 2.48 | 30.30 | 32.78 | OK | |
| r-release-macos-arm64 | 0.1.3 | 2.00 | 21.00 | 23.00 | OK | |
| r-release-macos-x86_64 | 0.1.3 | 3.00 | 36.00 | 39.00 | OK | |
| r-release-windows-x86_64 | 0.1.3 | 8.00 | 55.00 | 63.00 | OK | |
| r-oldrel-macos-arm64 | 0.1.3 | 2.00 | 17.00 | 19.00 | NOTE | |
| r-oldrel-macos-x86_64 | 0.1.3 | 2.00 | 27.00 | 29.00 | NOTE | |
| r-oldrel-windows-x86_64 | 0.1.3 | 7.00 | 60.00 | 67.00 | NOTE |
Version: 0.1.3
Check: LazyData
Result: NOTE
'LazyData' is specified without a 'data' directory
Flavors: r-oldrel-macos-arm64, r-oldrel-macos-x86_64, r-oldrel-windows-x86_64