Last updated on 2025-10-25 13:48:50 CEST.
| Flavor | Version | Tinstall | Tcheck | Ttotal | Status | Flags |
|---|---|---|---|---|---|---|
| r-devel-linux-x86_64-debian-clang | 0.1.3 | 10.25 | 98.29 | 108.54 | NOTE | |
| r-devel-linux-x86_64-debian-gcc | 0.1.3 | 7.48 | 71.77 | 79.25 | NOTE | |
| r-devel-linux-x86_64-fedora-clang | 0.1.3 | 59.00 | 119.62 | 178.62 | OK | |
| r-devel-linux-x86_64-fedora-gcc | 0.1.3 | 21.00 | 154.98 | 175.98 | OK | |
| r-devel-windows-x86_64 | 0.1.3 | 12.00 | 142.00 | 154.00 | OK | |
| r-patched-linux-x86_64 | 0.1.3 | 9.61 | 92.65 | 102.26 | OK | |
| r-release-linux-x86_64 | 0.1.3 | 9.91 | 93.09 | 103.00 | OK | |
| r-release-macos-arm64 | 0.1.3 | 6.00 | 81.00 | 87.00 | OK | |
| r-release-macos-x86_64 | 0.1.3 | 8.00 | 93.00 | 101.00 | OK | |
| r-release-windows-x86_64 | 0.1.3 | 11.00 | 135.00 | 146.00 | OK | |
| r-oldrel-macos-arm64 | 0.1.3 | 4.00 | 45.00 | 49.00 | NOTE | |
| r-oldrel-macos-x86_64 | 0.1.3 | 7.00 | 69.00 | 76.00 | NOTE | |
| r-oldrel-windows-x86_64 | 0.1.3 | 16.00 | 145.00 | 161.00 | NOTE |
Version: 0.1.3
Check: CRAN incoming feasibility
Result: NOTE
Maintainer: ‘Szymon Maksymiuk <sz.maksymiuk@gmail.com>’
The Description field contains
Lundberg, S., et al., (2016) <arXiv:1705.07874> The SHAP method is used
Please refer to arXiv e-prints via their arXiv DOI <doi:10.48550/arXiv.YYMM.NNNNN>.
Flavors: r-devel-linux-x86_64-debian-clang, r-devel-linux-x86_64-debian-gcc
Version: 0.1.3
Check: LazyData
Result: NOTE
'LazyData' is specified without a 'data' directory
Flavors: r-oldrel-macos-arm64, r-oldrel-macos-x86_64, r-oldrel-windows-x86_64