Last updated on 2025-10-25 09:49:43 CEST.
| Flavor | Version | Tinstall | Tcheck | Ttotal | Status | Flags |
|---|---|---|---|---|---|---|
| r-devel-linux-x86_64-debian-clang | 1.2.7 | 14.06 | 106.01 | 120.07 | NOTE | |
| r-devel-linux-x86_64-debian-gcc | 1.2.7 | 8.22 | 72.70 | 80.92 | NOTE | |
| r-devel-linux-x86_64-fedora-clang | 1.2.7 | 33.00 | 153.96 | 186.96 | OK | |
| r-devel-linux-x86_64-fedora-gcc | 1.2.8 | 98.00 | 150.48 | 248.48 | OK | |
| r-devel-windows-x86_64 | 1.2.7 | 17.00 | 114.00 | 131.00 | OK | |
| r-patched-linux-x86_64 | 1.2.7 | 15.08 | 98.17 | 113.25 | OK | |
| r-release-linux-x86_64 | 1.2.7 | 14.37 | 101.26 | 115.63 | OK | |
| r-release-macos-arm64 | 1.2.8 | 7.00 | 51.00 | 58.00 | OK | |
| r-release-macos-x86_64 | 1.2.8 | 35.00 | 194.00 | 229.00 | OK | |
| r-release-windows-x86_64 | 1.2.7 | 20.00 | 115.00 | 135.00 | OK | |
| r-oldrel-macos-arm64 | 1.2.8 | 8.00 | 54.00 | 62.00 | OK | |
| r-oldrel-macos-x86_64 | 1.2.8 | 50.00 | 268.00 | 318.00 | OK | |
| r-oldrel-windows-x86_64 | 1.2.7 | 23.00 | 147.00 | 170.00 | OK |
Version: 1.2.7
Check: CRAN incoming feasibility
Result: NOTE
Maintainer: ‘Ian Dryden <ian.dryden@nottingham.ac.uk>’
No Authors@R field in DESCRIPTION.
Please add one, modifying
Authors@R: c(person(given = c("Ian", "L."),
family = "Dryden",
role = "aut"),
person(given = "Ian",
family = "Dryden",
role = "cre",
email = "ian.dryden@nottingham.ac.uk"))
as necessary.
Flavors: r-devel-linux-x86_64-debian-clang, r-devel-linux-x86_64-debian-gcc