Last updated on 2025-10-26 01:50:01 CEST.
| Flavor | Version | Tinstall | Tcheck | Ttotal | Status | Flags |
|---|---|---|---|---|---|---|
| r-devel-linux-x86_64-debian-clang | 1.1.3 | 29.77 | 35.40 | 65.17 | OK | |
| r-devel-linux-x86_64-debian-gcc | 1.1.3 | 21.53 | 27.68 | 49.21 | OK | |
| r-devel-linux-x86_64-fedora-clang | 1.1.3 | 31.00 | 48.16 | 79.16 | OK | |
| r-devel-linux-x86_64-fedora-gcc | 1.1.3 | 46.00 | 64.77 | 110.77 | OK | |
| r-devel-windows-x86_64 | 1.1.3 | 38.00 | 75.00 | 113.00 | OK | |
| r-patched-linux-x86_64 | 1.1.3 | 33.01 | 34.23 | 67.24 | OK | |
| r-release-linux-x86_64 | 1.1.3 | 29.78 | 33.94 | 63.72 | OK | |
| r-release-macos-arm64 | 1.1.3 | 12.00 | 27.00 | 39.00 | OK | |
| r-release-macos-x86_64 | 1.1.3 | 29.00 | 48.00 | 77.00 | OK | |
| r-release-windows-x86_64 | 1.1.2 | 38.00 | 72.00 | 110.00 | WARN | |
| r-oldrel-macos-arm64 | 1.1.3 | 11.00 | 36.00 | 47.00 | OK | |
| r-oldrel-macos-x86_64 | 1.1.3 | 27.00 | 54.00 | 81.00 | OK | |
| r-oldrel-windows-x86_64 | 1.1.3 | 50.00 | 86.00 | 136.00 | OK |
Version: 1.1.2
Check: whether package can be installed
Result: WARN
Found the following significant warnings:
sgd/explicit_sgd.h:25:19: warning: 'bool arma::is_finite(const Base<typename T1::elem_type, T1>&) [with T1 = Mat<double>; typename T1::elem_type = double]' is deprecated: change arma::is_finite(X) to X.is_finite() [-Wdeprecated-declarations]
sgd/implicit_sgd.h:150:19: warning: 'bool arma::is_finite(const Base<typename T1::elem_type, T1>&) [with T1 = Mat<double>; typename T1::elem_type = double]' is deprecated: change arma::is_finite(X) to X.is_finite() [-Wdeprecated-declarations]
sgd/momentum_sgd.h:27:19: warning: 'bool arma::is_finite(const Base<typename T1::elem_type, T1>&) [with T1 = Mat<double>; typename T1::elem_type = double]' is deprecated: change arma::is_finite(X) to X.is_finite() [-Wdeprecated-declarations]
sgd/nesterov_sgd.h:27:19: warning: 'bool arma::is_finite(const Base<typename T1::elem_type, T1>&) [with T1 = Mat<double>; typename T1::elem_type = double]' is deprecated: change arma::is_finite(X) to X.is_finite() [-Wdeprecated-declarations]
validity-check/validity_check.h:21:17: warning: 'bool arma::is_finite(const Base<typename T1::elem_type, T1>&) [with T1 = Mat<double>; typename T1::elem_type = double]' is deprecated: change arma::is_finite(X) to X.is_finite() [-Wdeprecated-declarations]
See 'd:/Rcompile/CRANpkg/local/4.5/sgd.Rcheck/00install.out' for details.
* used C++ compiler: 'g++.exe (GCC) 14.2.0'
Flavor: r-release-windows-x86_64