CRAN Package Check Results for Package sfinx

Last updated on 2025-10-26 13:50:08 CET.

Flavor Version Tinstall Tcheck Ttotal Status Flags
r-devel-linux-x86_64-debian-clang 1.7.99 1.91 27.54 29.45 NOTE
r-devel-linux-x86_64-debian-gcc 1.7.99 1.49 22.32 23.81 NOTE
r-devel-linux-x86_64-fedora-clang 1.7.99 43.43 OK
r-devel-linux-x86_64-fedora-gcc 1.7.99 56.51 OK
r-devel-windows-x86_64 1.7.99 3.00 45.00 48.00 OK
r-patched-linux-x86_64 1.7.99 2.01 25.32 27.33 OK
r-release-linux-x86_64 1.7.99 1.93 25.13 27.06 OK
r-release-macos-arm64 1.7.99 1.00 28.00 29.00 OK
r-release-macos-x86_64 1.7.99 3.00 44.00 47.00 OK
r-release-windows-x86_64 1.7.99 3.00 48.00 51.00 OK
r-oldrel-macos-arm64 1.7.99 1.00 23.00 24.00 OK
r-oldrel-macos-x86_64 1.7.99 2.00 49.00 51.00 OK
r-oldrel-windows-x86_64 1.7.99 3.00 54.00 57.00 OK

Check Details

Version: 1.7.99
Check: CRAN incoming feasibility
Result: NOTE Maintainer: ‘Kevin Titeca <sfinxinteractomics@gmail.com>’ Package CITATION file contains call(s) to old-style personList() or as.personList(). Please use c() on person objects instead. Package CITATION file contains call(s) to old-style citEntry(). Please use bibentry() instead. Flavors: r-devel-linux-x86_64-debian-clang, r-devel-linux-x86_64-debian-gcc