Last updated on 2025-11-26 09:51:29 CET.
| Flavor | Version | Tinstall | Tcheck | Ttotal | Status | Flags |
|---|---|---|---|---|---|---|
| r-devel-linux-x86_64-debian-clang | 1.0.1 | 11.60 | 180.06 | 191.66 | OK | |
| r-devel-linux-x86_64-debian-gcc | 1.0.1 | 8.63 | 130.25 | 138.88 | OK | |
| r-devel-linux-x86_64-fedora-clang | 1.0.1 | 29.00 | 270.56 | 299.56 | OK | |
| r-devel-linux-x86_64-fedora-gcc | 1.0.1 | 32.00 | 282.18 | 314.18 | OK | |
| r-devel-windows-x86_64 | 1.0.1 | 15.00 | 156.00 | 171.00 | OK | |
| r-patched-linux-x86_64 | 1.0.1 | 10.67 | 169.62 | 180.29 | OK | |
| r-release-linux-x86_64 | 1.0.1 | 10.38 | 171.51 | 181.89 | OK | |
| r-release-macos-arm64 | 1.0.1 | OK | ||||
| r-release-macos-x86_64 | 1.0.1 | 15.00 | 222.00 | 237.00 | OK | |
| r-release-windows-x86_64 | 1.0.1 | 13.00 | 164.00 | 177.00 | OK | |
| r-oldrel-macos-arm64 | 1.0.1 | NOTE | ||||
| r-oldrel-macos-x86_64 | 1.0.1 | 10.00 | 185.00 | 195.00 | NOTE | |
| r-oldrel-windows-x86_64 | 1.0.1 | 18.00 | 214.00 | 232.00 | OK |
Version: 1.0.1
Check: package dependencies
Result: NOTE
Package suggested but not available for checking: ‘INLA’
Flavors: r-oldrel-macos-arm64, r-oldrel-macos-x86_64