Last updated on 2025-10-26 05:50:11 CET.
| Flavor | Version | Tinstall | Tcheck | Ttotal | Status | Flags |
|---|---|---|---|---|---|---|
| r-devel-linux-x86_64-debian-clang | 1.0.0 | 8.88 | 51.03 | 59.91 | OK | |
| r-devel-linux-x86_64-debian-gcc | 1.0.0 | 5.55 | 36.40 | 41.95 | OK | |
| r-devel-linux-x86_64-fedora-clang | 1.0.0 | 41.00 | 51.54 | 92.54 | NOTE | |
| r-devel-linux-x86_64-fedora-gcc | 1.0.0 | 20.00 | 77.38 | 97.38 | NOTE | |
| r-devel-windows-x86_64 | 1.0.0 | 10.00 | 65.00 | 75.00 | OK | |
| r-patched-linux-x86_64 | 1.0.0 | 8.92 | 46.32 | 55.24 | OK | |
| r-release-linux-x86_64 | 1.0.0 | 8.83 | 45.94 | 54.77 | OK | |
| r-release-macos-arm64 | 1.0.0 | 3.00 | 33.00 | 36.00 | OK | |
| r-release-macos-x86_64 | 1.0.0 | 7.00 | 55.00 | 62.00 | OK | |
| r-release-windows-x86_64 | 1.0.0 | 10.00 | 66.00 | 76.00 | OK | |
| r-oldrel-macos-arm64 | 1.0.0 | 4.00 | 34.00 | 38.00 | OK | |
| r-oldrel-macos-x86_64 | 1.0.0 | 6.00 | 47.00 | 53.00 | OK | |
| r-oldrel-windows-x86_64 | 1.0.0 | 13.00 | 78.00 | 91.00 | OK |
Version: 1.0.0
Check: dependencies in R code
Result: NOTE
Namespace in Imports field not imported from: ‘reticulate’
All declared Imports should be used.
Flavors: r-devel-linux-x86_64-fedora-clang, r-devel-linux-x86_64-fedora-gcc