CRAN Package Check Results for Package segmag

Last updated on 2025-10-28 01:50:49 CET.

Flavor Version Tinstall Tcheck Ttotal Status Flags
r-devel-linux-x86_64-debian-clang 1.2.4 12.10 27.20 39.30 OK
r-devel-linux-x86_64-debian-gcc 1.2.4 8.10 21.43 29.53 OK
r-devel-linux-x86_64-fedora-clang 1.2.4 31.00 37.99 68.99 NOTE
r-devel-linux-x86_64-fedora-gcc 1.2.4 34.00 30.14 64.14 NOTE
r-devel-windows-x86_64 1.2.4 18.00 59.00 77.00 OK
r-patched-linux-x86_64 1.2.4 13.29 25.79 39.08 OK
r-release-linux-x86_64 1.2.4 13.75 25.59 39.34 OK
r-release-macos-arm64 1.2.4 8.00 20.00 28.00 OK
r-release-macos-x86_64 1.2.4 9.00 27.00 36.00 OK
r-release-windows-x86_64 1.2.4 19.00 60.00 79.00 OK
r-oldrel-macos-arm64 1.2.4 7.00 15.00 22.00 OK
r-oldrel-macos-x86_64 1.2.4 8.00 23.00 31.00 OK
r-oldrel-windows-x86_64 1.2.4 21.00 73.00 94.00 OK

Check Details

Version: 1.2.4
Check: compiled code
Result: NOTE File ‘segmag/libs/segmag.so’: Found no calls to: ‘R_registerRoutines’, ‘R_useDynamicSymbols’ It is good practice to register native routines and to disable symbol search. See ‘Writing portable packages’ in the ‘Writing R Extensions’ manual. Flavors: r-devel-linux-x86_64-fedora-clang, r-devel-linux-x86_64-fedora-gcc