Last updated on 2025-07-12 05:48:45 CEST.
Flavor | Version | Tinstall | Tcheck | Ttotal | Status | Flags |
---|---|---|---|---|---|---|
r-devel-linux-x86_64-debian-clang | 1.4.2 | 71.17 | 657.15 | 728.32 | OK | |
r-devel-linux-x86_64-debian-gcc | 1.4.2 | 56.72 | 289.06 | 345.78 | OK | |
r-devel-linux-x86_64-fedora-clang | 1.4.2 | 875.23 | OK | |||
r-devel-linux-x86_64-fedora-gcc | 1.4.2 | 943.23 | OK | |||
r-devel-windows-x86_64 | 1.4.2 | 85.00 | 580.00 | 665.00 | OK | |
r-patched-linux-x86_64 | 1.4.2 | 75.94 | 476.97 | 552.91 | OK | |
r-release-linux-x86_64 | 1.4.2 | 77.79 | 472.42 | 550.21 | OK | |
r-release-macos-arm64 | 1.4.2 | 257.00 | OK | |||
r-release-macos-x86_64 | 1.4.2 | 613.00 | OK | |||
r-release-windows-x86_64 | 1.4.2 | 85.00 | 569.00 | 654.00 | OK | |
r-oldrel-macos-arm64 | 1.4.2 | 273.00 | NOTE | |||
r-oldrel-macos-x86_64 | 1.4.2 | 498.00 | NOTE | |||
r-oldrel-windows-x86_64 | 1.4.2 | 104.00 | 805.00 | 909.00 | OK |
Version: 1.4.2
Check: installed package size
Result: NOTE
installed size is 11.0Mb
sub-directories of 1Mb or more:
data 2.9Mb
libs 7.9Mb
Flavors: r-oldrel-macos-arm64, r-oldrel-macos-x86_64