Last updated on 2025-10-26 13:50:08 CET.
| Flavor | Version | Tinstall | Tcheck | Ttotal | Status | Flags |
|---|---|---|---|---|---|---|
| r-devel-linux-x86_64-debian-clang | 0.2.0 | 2.04 | 29.87 | 31.91 | OK | |
| r-devel-linux-x86_64-debian-gcc | 0.2.0 | 1.38 | 23.22 | 24.60 | OK | |
| r-devel-linux-x86_64-fedora-clang | 0.2.0 | 47.40 | NOTE | |||
| r-devel-linux-x86_64-fedora-gcc | 0.2.0 | 60.33 | NOTE | |||
| r-devel-windows-x86_64 | 0.2.0 | 5.00 | 46.00 | 51.00 | OK | |
| r-patched-linux-x86_64 | 0.2.0 | 1.71 | 27.42 | 29.13 | OK | |
| r-release-linux-x86_64 | 0.2.0 | 1.87 | 27.07 | 28.94 | OK | |
| r-release-macos-arm64 | 0.2.0 | 1.00 | 27.00 | 28.00 | OK | |
| r-release-macos-x86_64 | 0.2.0 | 2.00 | 44.00 | 46.00 | OK | |
| r-release-windows-x86_64 | 0.2.0 | 5.00 | 49.00 | 54.00 | OK | |
| r-oldrel-macos-arm64 | 0.2.0 | 1.00 | 26.00 | 27.00 | OK | |
| r-oldrel-macos-x86_64 | 0.2.0 | 2.00 | 37.00 | 39.00 | OK | |
| r-oldrel-windows-x86_64 | 0.2.0 | 5.00 | 56.00 | 61.00 | OK |
Version: 0.2.0
Check: dependencies in R code
Result: NOTE
Namespace in Imports field not imported from: ‘fansi’
All declared Imports should be used.
Flavors: r-devel-linux-x86_64-fedora-clang, r-devel-linux-x86_64-fedora-gcc