Last updated on 2025-10-25 21:49:52 CEST.
| Flavor | Version | Tinstall | Tcheck | Ttotal | Status | Flags |
|---|---|---|---|---|---|---|
| r-devel-linux-x86_64-debian-clang | 0.7.6 | 8.49 | 156.42 | 164.91 | NOTE | |
| r-devel-linux-x86_64-debian-gcc | 0.7.6 | 5.33 | 119.77 | 125.10 | NOTE | |
| r-devel-linux-x86_64-fedora-clang | 0.7.6 | 16.00 | 235.53 | 251.53 | OK | |
| r-devel-linux-x86_64-fedora-gcc | 0.7.6 | 39.00 | 249.63 | 288.63 | NOTE | |
| r-devel-windows-x86_64 | 0.7.6 | 10.00 | 208.00 | 218.00 | OK | |
| r-patched-linux-x86_64 | 0.7.6 | 7.54 | 155.20 | 162.74 | OK | |
| r-release-linux-x86_64 | 0.7.6 | 7.28 | 153.88 | 161.16 | OK | |
| r-release-macos-arm64 | 0.7.6 | 3.00 | 79.00 | 82.00 | OK | |
| r-release-macos-x86_64 | 0.7.6 | 8.00 | 184.00 | 192.00 | OK | |
| r-release-windows-x86_64 | 0.7.6 | 11.00 | 211.00 | 222.00 | OK | |
| r-oldrel-macos-arm64 | 0.7.6 | 3.00 | 90.00 | 93.00 | OK | |
| r-oldrel-macos-x86_64 | 0.7.6 | 6.00 | 190.00 | 196.00 | OK | |
| r-oldrel-windows-x86_64 | 0.7.6 | 13.00 | 263.00 | 276.00 | OK |
Version: 0.7.6
Check: Rd files
Result: NOTE
checkRd: (-1) N41.proxy.Rd:9-13: Only 2 columns allowed in this table (row 1 has 1)
checkRd: (-1) N41.proxy.details.Rd:9-27: Only 2 columns allowed in this table (row 1 has 1)
checkRd: (-1) stages.key.Rd:9-16: Only 2 columns allowed in this table (row 1 has 1)
Flavors: r-devel-linux-x86_64-debian-clang, r-devel-linux-x86_64-debian-gcc, r-devel-linux-x86_64-fedora-gcc