Last updated on 2025-10-25 13:48:49 CEST.
| Flavor | Version | Tinstall | Tcheck | Ttotal | Status | Flags |
|---|---|---|---|---|---|---|
| r-devel-linux-x86_64-debian-clang | 5.3.0 | 367.49 | 559.52 | 927.01 | NOTE | |
| r-devel-linux-x86_64-debian-gcc | 5.3.0 | 223.51 | 484.99 | 708.50 | NOTE | |
| r-devel-linux-x86_64-fedora-clang | 5.3.0 | 900.00 | 737.82 | 1637.82 | OK | |
| r-devel-linux-x86_64-fedora-gcc | 5.3.0 | 1080.00 | 754.09 | 1834.09 | NOTE | |
| r-devel-windows-x86_64 | 5.3.0 | 590.00 | 685.00 | 1275.00 | OK | |
| r-patched-linux-x86_64 | 5.3.0 | 508.12 | 712.68 | 1220.80 | OK | |
| r-release-linux-x86_64 | 5.3.0 | 496.14 | 707.37 | 1203.51 | OK | |
| r-release-macos-arm64 | 5.3.0 | 132.00 | 211.00 | 343.00 | OK | |
| r-release-macos-x86_64 | 5.3.0 | 349.00 | 871.00 | 1220.00 | OK | |
| r-release-windows-x86_64 | 5.3.0 | 613.00 | 688.00 | 1301.00 | OK | |
| r-oldrel-macos-arm64 | 5.3.0 | 118.00 | 205.00 | 323.00 | NOTE | |
| r-oldrel-macos-x86_64 | 5.3.0 | 323.00 | 843.00 | 1166.00 | NOTE | |
| r-oldrel-windows-x86_64 | 5.3.0 | 731.00 | 897.00 | 1628.00 | NOTE |
Version: 5.3.0
Check: Rd files
Result: NOTE
checkRd: (-1) DA.Rd:91-103: Only 3 columns allowed in this table (row 1 has 2)
checkRd: (-1) DA.Rd:91-103: Only 3 columns allowed in this table (row 2 has 2)
checkRd: (-1) DA.Rd:91-103: Only 3 columns allowed in this table (row 3 has 2)
checkRd: (-1) DA.Rd:91-103: Only 3 columns allowed in this table (row 4 has 2)
checkRd: (-1) DA.Rd:91-103: Only 3 columns allowed in this table (row 5 has 2)
checkRd: (-1) DA.Rd:91-103: Only 3 columns allowed in this table (row 6 has 2)
checkRd: (-1) DA.Rd:91-103: Only 3 columns allowed in this table (row 7 has 2)
checkRd: (-1) DA.Rd:91-103: Only 3 columns allowed in this table (row 8 has 2)
checkRd: (-1) DA.Rd:91-103: Only 3 columns allowed in this table (row 9 has 2)
checkRd: (-1) DA.Rd:91-103: Only 3 columns allowed in this table (row 10 has 2)
checkRd: (-1) DA.Rd:91-103: Only 3 columns allowed in this table (row 11 has 2)
checkRd: (-1) MCgof.Rd:65-69: Only 4 columns allowed in this table (row 1 has 3)
checkRd: (-1) MCgof.Rd:65-69: Only 4 columns allowed in this table (row 2 has 3)
checkRd: (-1) MCgof.Rd:65-69: Only 4 columns allowed in this table (row 3 has 3)
checkRd: (-1) Parallel.Rd:13-23: Only 4 columns allowed in this table (row 1 has 1)
checkRd: (-1) Parallel.Rd:13-23: Only 4 columns allowed in this table (row 2 has 1)
checkRd: (-1) Parallel.Rd:13-23: Only 4 columns allowed in this table (row 3 has 1)
checkRd: (-1) Parallel.Rd:13-23: Only 4 columns allowed in this table (row 4 has 1)
checkRd: (-1) Parallel.Rd:13-23: Only 4 columns allowed in this table (row 5 has 1)
checkRd: (-1) Parallel.Rd:13-23: Only 4 columns allowed in this table (row 6 has 1)
checkRd: (-1) Parallel.Rd:13-23: Only 4 columns allowed in this table (row 7 has 1)
checkRd: (-1) Parallel.Rd:13-23: Only 4 columns allowed in this table (row 8 has 1)
checkRd: (-1) Parallel.Rd:13-23: Only 4 columns allowed in this table (row 9 has 1)
checkRd: (-1) Parallel.Rd:27-33: Only 4 columns allowed in this table (row 1 has 1)
checkRd: (-1) Parallel.Rd:27-33: Only 4 columns allowed in this table (row 2 has 1)
checkRd: (-1) Parallel.Rd:27-33: Only 4 columns allowed in this table (row 3 has 1)
checkRd: (-1) Parallel.Rd:27-33: Only 4 columns allowed in this table (row 4 has 1)
checkRd: (-1) Parallel.Rd:27-33: Only 4 columns allowed in this table (row 5 has 1)
checkRd: (-1) empirical.Rd:119-128: Only 4 columns allowed in this table (row 1 has 2)
checkRd: (-1) empirical.Rd:119-128: Only 4 columns allowed in this table (row 2 has 2)
checkRd: (-1) empirical.Rd:119-128: Only 4 columns allowed in this table (row 3 has 2)
checkRd: (-1) empirical.Rd:119-128: Only 4 columns allowed in this table (row 4 has 2)
checkRd: (-1) empirical.Rd:119-128: Only 4 columns allowed in this table (row 5 has 2)
checkRd: (-1) empirical.Rd:119-128: Only 4 columns allowed in this table (row 6 has 2)
checkRd: (-1) empirical.Rd:119-128: Only 4 columns allowed in this table (row 7 has 2)
checkRd: (-1) make.systematic.Rd:101-105: Only 3 columns allowed in this table (row 1 has 2)
checkRd: (-1) make.systematic.Rd:101-105: Only 3 columns allowed in this table (row 2 has 2)
checkRd: (-1) make.systematic.Rd:101-105: Only 3 columns allowed in this table (row 3 has 2)
checkRd: (-1) secr-deprecated.Rd:64-73: Only 3 columns allowed in this table (row 1 has 2)
checkRd: (-1) secr-deprecated.Rd:64-73: Only 3 columns allowed in this table (row 2 has 2)
checkRd: (-1) secr-deprecated.Rd:64-73: Only 3 columns allowed in this table (row 3 has 2)
checkRd: (-1) secr-deprecated.Rd:64-73: Only 3 columns allowed in this table (row 4 has 2)
checkRd: (-1) secr-deprecated.Rd:64-73: Only 3 columns allowed in this table (row 5 has 2)
checkRd: (-1) secr-deprecated.Rd:64-73: Only 3 columns allowed in this table (row 6 has 2)
checkRd: (-1) secr-deprecated.Rd:64-73: Only 3 columns allowed in this table (row 7 has 2)
checkRd: (-1) secr-deprecated.Rd:64-73: Only 3 columns allowed in this table (row 8 has 2)
checkRd: (-1) secr-internal.Rd:39-47: Only 3 columns allowed in this table (row 2 has 2)
checkRd: (-1) secr-internal.Rd:39-47: Only 3 columns allowed in this table (row 3 has 2)
checkRd: (-1) secr-internal.Rd:39-47: Only 3 columns allowed in this table (row 4 has 2)
checkRd: (-1) secr-internal.Rd:39-47: Only 3 columns allowed in this table (row 5 has 2)
checkRd: (-1) secr.fit.Rd:126-153: Only 2 columns allowed in this table (row 26 has 1)
checkRd: (-1) secrRNG.Rd:50-59: Only 4 columns allowed in this table (row 2 has 3)
checkRd: (-1) secrRNG.Rd:50-59: Only 4 columns allowed in this table (row 4 has 3)
checkRd: (-1) secrRNG.Rd:50-59: Only 4 columns allowed in this table (row 6 has 3)
checkRd: (-1) secrRNG.Rd:50-59: Only 4 columns allowed in this table (row 7 has 3)
checkRd: (-1) trap.builder.Rd:92-99: Only 4 columns allowed in this table (row 1 has 2)
checkRd: (-1) trap.builder.Rd:92-99: Only 4 columns allowed in this table (row 2 has 2)
checkRd: (-1) trap.builder.Rd:92-99: Only 4 columns allowed in this table (row 3 has 2)
checkRd: (-1) trap.builder.Rd:92-99: Only 4 columns allowed in this table (row 4 has 2)
checkRd: (-1) trap.builder.Rd:92-99: Only 4 columns allowed in this table (row 5 has 2)
checkRd: (-1) trap.builder.Rd:92-99: Only 4 columns allowed in this table (row 6 has 2)
Flavors: r-devel-linux-x86_64-debian-clang, r-devel-linux-x86_64-debian-gcc, r-devel-linux-x86_64-fedora-gcc
Version: 5.3.0
Check: installed package size
Result: NOTE
installed size is 19.8Mb
sub-directories of 1Mb or more:
R 2.0Mb
libs 16.0Mb
Flavors: r-oldrel-macos-arm64, r-oldrel-macos-x86_64, r-oldrel-windows-x86_64
Version: 5.3.0
Check: for GNU extensions in Makefiles
Result: NOTE
GNU make is a SystemRequirements.
Flavors: r-oldrel-macos-arm64, r-oldrel-macos-x86_64, r-oldrel-windows-x86_64