Last updated on 2025-11-26 17:50:06 CET.
| Flavor | Version | Tinstall | Tcheck | Ttotal | Status | Flags |
|---|---|---|---|---|---|---|
| r-devel-linux-x86_64-debian-clang | 0.7.4 | 238.82 | 245.06 | 483.88 | OK | |
| r-devel-linux-x86_64-debian-gcc | 0.7.4 | 211.63 | 191.63 | 403.26 | OK | |
| r-devel-linux-x86_64-fedora-clang | 0.8.0 | 452.00 | 213.39 | 665.39 | OK | |
| r-devel-linux-x86_64-fedora-gcc | 0.8.0 | 587.00 | 164.02 | 751.02 | OK | |
| r-devel-windows-x86_64 | 0.7.4 | 242.00 | 303.00 | 545.00 | OK | |
| r-patched-linux-x86_64 | 0.7.4 | 247.72 | 255.89 | 503.61 | OK | |
| r-release-linux-x86_64 | 0.7.4 | 251.02 | 253.88 | 504.90 | OK | |
| r-release-macos-arm64 | 0.8.0 | 49.00 | 63.00 | 112.00 | OK | |
| r-release-macos-x86_64 | 0.8.0 | 445.00 | 238.00 | 683.00 | OK | |
| r-release-windows-x86_64 | 0.7.4 | 227.00 | 396.00 | 623.00 | OK | |
| r-oldrel-macos-arm64 | 0.8.0 | 47.00 | 69.00 | 116.00 | NOTE | |
| r-oldrel-macos-x86_64 | 0.8.0 | 375.00 | 321.00 | 696.00 | NOTE | |
| r-oldrel-windows-x86_64 | 0.7.4 | 267.00 | 389.00 | 656.00 | NOTE |
Version: 0.8.0
Check: installed package size
Result: NOTE
installed size is 88.7Mb
sub-directories of 1Mb or more:
libs 87.3Mb
Flavors: r-oldrel-macos-arm64, r-oldrel-macos-x86_64
Version: 0.7.4
Check: installed package size
Result: NOTE
installed size is 5.2Mb
sub-directories of 1Mb or more:
libs 3.9Mb
Flavor: r-oldrel-windows-x86_64