CRAN Package Check Results for Package sdcMicro

Last updated on 2025-07-18 05:52:48 CEST.

Flavor Version Tinstall Tcheck Ttotal Status Flags
r-devel-linux-x86_64-debian-clang 5.7.8 68.17 127.83 196.00 NOTE
r-devel-linux-x86_64-debian-gcc 5.7.8 49.33 84.60 133.93 NOTE
r-devel-linux-x86_64-fedora-clang 5.7.8 329.51 OK
r-devel-linux-x86_64-fedora-gcc 5.7.8 323.53 OK
r-devel-windows-x86_64 5.7.8 76.00 161.00 237.00 NOTE
r-patched-linux-x86_64 5.7.8 68.81 112.96 181.77 NOTE
r-release-linux-x86_64 5.7.8 62.63 114.11 176.74 NOTE
r-release-macos-arm64 5.7.8 80.00 OK
r-release-macos-x86_64 5.7.8 125.00 OK
r-release-windows-x86_64 5.7.8 82.00 153.00 235.00 NOTE
r-oldrel-macos-arm64 5.7.8 85.00 NOTE
r-oldrel-macos-x86_64 5.7.8 112.00 NOTE
r-oldrel-windows-x86_64 5.7.8 95.00 198.00 293.00 OK

Check Details

Version: 5.7.8
Check: Rd cross-references
Result: NOTE Found the following Rd file(s) with Rd \link{} targets missing package anchors: modRisk.Rd: loglm Please provide package anchors for all Rd \link{} targets not in the package itself and the base packages. Flavors: r-devel-linux-x86_64-debian-clang, r-devel-linux-x86_64-debian-gcc, r-devel-windows-x86_64, r-patched-linux-x86_64, r-release-linux-x86_64, r-release-windows-x86_64

Version: 5.7.8
Check: installed package size
Result: NOTE installed size is 6.8Mb sub-directories of 1Mb or more: libs 3.9Mb Flavors: r-oldrel-macos-arm64, r-oldrel-macos-x86_64