Last updated on 2025-10-25 21:49:52 CEST.
| Flavor | Version | Tinstall | Tcheck | Ttotal | Status | Flags |
|---|---|---|---|---|---|---|
| r-devel-linux-x86_64-debian-clang | 1.0.2 | 9.47 | 65.17 | 74.64 | NOTE | |
| r-devel-linux-x86_64-debian-gcc | 1.0.2 | 6.89 | 48.18 | 55.07 | NOTE | |
| r-devel-linux-x86_64-fedora-clang | 1.0.2 | 23.00 | 92.21 | 115.21 | OK | |
| r-devel-linux-x86_64-fedora-gcc | 1.0.2 | 43.00 | 74.93 | 117.93 | NOTE | |
| r-devel-windows-x86_64 | 1.0.2 | 11.00 | 71.00 | 82.00 | OK | |
| r-patched-linux-x86_64 | 1.0.2 | 8.60 | 61.99 | 70.59 | OK | |
| r-release-linux-x86_64 | 1.0.2 | 8.62 | 62.54 | 71.16 | OK | |
| r-release-macos-arm64 | 1.0.2 | 4.00 | 30.00 | 34.00 | OK | |
| r-release-macos-x86_64 | 1.0.2 | 9.00 | 55.00 | 64.00 | OK | |
| r-release-windows-x86_64 | 1.0.2 | 9.00 | 73.00 | 82.00 | OK | |
| r-oldrel-macos-arm64 | 1.0.2 | 3.00 | 26.00 | 29.00 | OK | |
| r-oldrel-macos-x86_64 | 1.0.2 | 5.00 | 46.00 | 51.00 | OK | |
| r-oldrel-windows-x86_64 | 1.0.2 | 13.00 | 90.00 | 103.00 | OK |
Version: 1.0.2
Check: CRAN incoming feasibility
Result: NOTE
Maintainer: ‘Jaejoon Song <jjsong2@mdanderson.org>’
No Authors@R field in DESCRIPTION.
Please add one, modifying
Authors@R: person(given = "Jaejoon",
family = "Song",
role = c("aut", "cre"),
email = "jjsong2@mdanderson.org")
as necessary.
Flavors: r-devel-linux-x86_64-debian-clang, r-devel-linux-x86_64-debian-gcc
Version: 1.0.2
Check: Rd files
Result: NOTE
checkRd: (-1) ipaq.Rd:17-31: Only 2 columns allowed in this table (row 1 has 1)
checkRd: (-1) ipaq.Rd:39-43: Only 2 columns allowed in this table (row 1 has 1)
checkRd: (-1) pfnorm.Rd:17-24: Only 2 columns allowed in this table (row 1 has 1)
Flavors: r-devel-linux-x86_64-debian-clang, r-devel-linux-x86_64-debian-gcc, r-devel-linux-x86_64-fedora-gcc