Last updated on 2025-07-08 17:49:56 CEST.
Flavor | Version | Tinstall | Tcheck | Ttotal | Status | Flags |
---|---|---|---|---|---|---|
r-devel-linux-x86_64-debian-clang | 0.1.4 | 51.19 | 33.00 | 84.19 | NOTE | |
r-devel-linux-x86_64-debian-gcc | 0.1.4 | 32.92 | 25.74 | 58.66 | NOTE | |
r-devel-linux-x86_64-fedora-clang | 0.1.4 | 135.13 | NOTE | |||
r-devel-linux-x86_64-fedora-gcc | 0.1.4 | 133.59 | NOTE | |||
r-devel-windows-x86_64 | 0.1.4 | 50.00 | 72.00 | 122.00 | NOTE | |
r-patched-linux-x86_64 | 0.1.4 | 45.46 | 31.32 | 76.78 | NOTE | |
r-release-linux-x86_64 | 0.1.4 | 47.53 | 31.12 | 78.65 | NOTE | |
r-release-macos-arm64 | 0.1.4 | 42.00 | NOTE | |||
r-release-macos-x86_64 | 0.1.4 | 58.00 | NOTE | |||
r-release-windows-x86_64 | 0.1.4 | 51.00 | 72.00 | 123.00 | NOTE | |
r-oldrel-macos-arm64 | 0.1.4 | 39.00 | NOTE | |||
r-oldrel-macos-x86_64 | 0.1.4 | 46.00 | NOTE | |||
r-oldrel-windows-x86_64 | 0.1.4 | 61.00 | 84.00 | 145.00 | NOTE |
Version: 0.1.4
Check: C++ specification
Result: NOTE
Specified C++11: please drop specification unless essential
Flavors: r-devel-linux-x86_64-debian-clang, r-devel-linux-x86_64-debian-gcc, r-devel-linux-x86_64-fedora-clang, r-devel-linux-x86_64-fedora-gcc, r-devel-windows-x86_64, r-patched-linux-x86_64, r-release-linux-x86_64, r-release-macos-arm64, r-release-macos-x86_64, r-release-windows-x86_64, r-oldrel-macos-arm64, r-oldrel-macos-x86_64, r-oldrel-windows-x86_64