Last updated on 2025-10-26 05:50:11 CET.
| Flavor | Version | Tinstall | Tcheck | Ttotal | Status | Flags |
|---|---|---|---|---|---|---|
| r-devel-linux-x86_64-debian-clang | 1.1.1 | 2.36 | 104.02 | 106.38 | NOTE | |
| r-devel-linux-x86_64-debian-gcc | 1.1.1 | 1.64 | 71.83 | 73.47 | NOTE | |
| r-devel-linux-x86_64-fedora-clang | 1.1.1 | 164.33 | NOTE | |||
| r-devel-linux-x86_64-fedora-gcc | 1.1.1 | 173.42 | NOTE | |||
| r-devel-windows-x86_64 | 1.1.1 | 5.00 | 115.00 | 120.00 | NOTE | |
| r-patched-linux-x86_64 | 1.1.1 | 2.49 | 99.57 | 102.06 | NOTE | |
| r-release-linux-x86_64 | 1.1.1 | 1.94 | 96.91 | 98.85 | NOTE | |
| r-release-macos-arm64 | 1.1.1 | 1.00 | 59.00 | 60.00 | NOTE | |
| r-release-macos-x86_64 | 1.1.1 | 2.00 | 115.00 | 117.00 | NOTE | |
| r-release-windows-x86_64 | 1.1.1 | 6.00 | 119.00 | 125.00 | NOTE | |
| r-oldrel-macos-arm64 | 1.1.1 | 1.00 | 49.00 | 50.00 | OK | |
| r-oldrel-macos-x86_64 | 1.1.1 | 2.00 | 77.00 | 79.00 | OK | |
| r-oldrel-windows-x86_64 | 1.1.1 | 7.00 | 151.00 | 158.00 | OK |
Version: 1.1.1
Check: DESCRIPTION meta-information
Result: NOTE
Missing dependency on R >= 4.1.0 because package code uses the pipe
|> or function shorthand \(...) syntax added in R 4.1.0.
File(s) using such syntax:
‘as_SpatRaster.Rd’ ‘clip_bands.Rd’ ‘get_band_names.Rd’
‘get_spatial_resolution.Rd’ ‘get_spectral_band_names.Rd’
‘merge_tiles.Rd’ ‘save_by_resolution.Rd’ ‘select_bands.Rd’
Flavors: r-devel-linux-x86_64-debian-clang, r-devel-linux-x86_64-debian-gcc, r-devel-linux-x86_64-fedora-clang, r-devel-linux-x86_64-fedora-gcc, r-devel-windows-x86_64, r-patched-linux-x86_64, r-release-linux-x86_64, r-release-macos-arm64, r-release-macos-x86_64, r-release-windows-x86_64