Last updated on 2025-07-17 21:50:59 CEST.
Flavor | Version | Tinstall | Tcheck | Ttotal | Status | Flags |
---|---|---|---|---|---|---|
r-devel-linux-x86_64-debian-clang | 1.1.1 | 4.42 | 51.90 | 56.32 | OK | |
r-devel-linux-x86_64-debian-gcc | 1.1.1 | 3.21 | 37.67 | 40.88 | OK | |
r-devel-linux-x86_64-fedora-clang | 1.1.1 | 90.34 | NOTE | |||
r-devel-linux-x86_64-fedora-gcc | 1.1.1 | 103.92 | NOTE | |||
r-devel-windows-x86_64 | 1.1.1 | 6.00 | 64.00 | 70.00 | OK | |
r-patched-linux-x86_64 | 1.1.1 | 4.86 | 46.64 | 51.50 | OK | |
r-release-linux-x86_64 | 1.1.1 | 3.57 | 46.62 | 50.19 | OK | |
r-release-macos-arm64 | 1.1.1 | 35.00 | OK | |||
r-release-macos-x86_64 | 1.1.1 | 75.00 | OK | |||
r-release-windows-x86_64 | 1.1.1 | 6.00 | 65.00 | 71.00 | OK | |
r-oldrel-macos-arm64 | 1.1.1 | 35.00 | OK | |||
r-oldrel-macos-x86_64 | 1.1.1 | 64.00 | OK | |||
r-oldrel-windows-x86_64 | 1.1.1 | 8.00 | 75.00 | 83.00 | OK |
Version: 1.1.1
Check: dependencies in R code
Result: NOTE
Namespace in Imports field not imported from: ‘base’
All declared Imports should be used.
Flavors: r-devel-linux-x86_64-fedora-clang, r-devel-linux-x86_64-fedora-gcc