Last updated on 2025-10-26 01:50:00 CEST.
| Flavor | Version | Tinstall | Tcheck | Ttotal | Status | Flags |
|---|---|---|---|---|---|---|
| r-devel-linux-x86_64-debian-clang | 4.0.2 | 11.70 | 40.99 | 52.69 | NOTE | |
| r-devel-linux-x86_64-debian-gcc | 4.0.2 | 8.53 | 30.67 | 39.20 | NOTE | |
| r-devel-linux-x86_64-fedora-clang | 4.0.2 | 21.00 | 58.15 | 79.15 | OK | |
| r-devel-linux-x86_64-fedora-gcc | 4.0.2 | 51.00 | 30.68 | 81.68 | NOTE | |
| r-devel-windows-x86_64 | 4.0.2 | 20.00 | 59.00 | 79.00 | OK | |
| r-patched-linux-x86_64 | 4.0.2 | 11.44 | 39.24 | 50.68 | OK | |
| r-release-linux-x86_64 | 4.0.2 | 10.95 | 39.81 | 50.76 | OK | |
| r-release-macos-arm64 | 4.0.2 | 7.00 | 22.00 | 29.00 | OK | |
| r-release-macos-x86_64 | 4.0.2 | 7.00 | 36.00 | 43.00 | OK | |
| r-release-windows-x86_64 | 4.0.2 | 23.00 | 65.00 | 88.00 | OK | |
| r-oldrel-macos-arm64 | 4.0.2 | 6.00 | 20.00 | 26.00 | OK | |
| r-oldrel-macos-x86_64 | 4.0.2 | 11.00 | 43.00 | 54.00 | OK | |
| r-oldrel-windows-x86_64 | 4.0.2 | 20.00 | 60.00 | 80.00 | OK |
Version: 4.0.2
Check: Rd files
Result: NOTE
checkRd: (-1) samonGenIM.Rd:99-108: Only 6 columns allowed in this table (row 4 has 3)
checkRd: (-1) samonGenIM.Rd:99-108: Only 6 columns allowed in this table (row 5 has 3)
checkRd: (-1) samonevalIM.Rd:59-68: Only 6 columns allowed in this table (row 4 has 3)
checkRd: (-1) samonevalIM.Rd:59-68: Only 6 columns allowed in this table (row 5 has 3)
Flavors: r-devel-linux-x86_64-debian-clang, r-devel-linux-x86_64-debian-gcc, r-devel-linux-x86_64-fedora-gcc