Last updated on 2025-10-25 17:48:52 CEST.
| Flavor | Version | Tinstall | Tcheck | Ttotal | Status | Flags |
|---|---|---|---|---|---|---|
| r-devel-linux-x86_64-debian-clang | 1.0.0 | 6.60 | 55.74 | 62.34 | NOTE | |
| r-devel-linux-x86_64-debian-gcc | 1.0.0 | 4.32 | 42.83 | 47.15 | NOTE | |
| r-devel-linux-x86_64-fedora-clang | 1.0.0 | 14.00 | 80.96 | 94.96 | OK | |
| r-devel-linux-x86_64-fedora-gcc | 1.0.0 | 16.00 | 76.84 | 92.84 | OK | |
| r-devel-windows-x86_64 | 1.0.0 | 7.00 | 71.00 | 78.00 | OK | |
| r-patched-linux-x86_64 | 1.0.0 | 6.44 | 54.37 | 60.81 | OK | |
| r-release-linux-x86_64 | 1.0.0 | 5.05 | 53.91 | 58.96 | OK | |
| r-release-macos-arm64 | 1.0.0 | 4.00 | 32.00 | 36.00 | OK | |
| r-release-macos-x86_64 | 1.0.0 | 6.00 | 64.00 | 70.00 | OK | |
| r-release-windows-x86_64 | 1.0.0 | 8.00 | 72.00 | 80.00 | OK | |
| r-oldrel-macos-arm64 | 1.0.0 | 3.00 | 28.00 | 31.00 | NOTE | |
| r-oldrel-macos-x86_64 | 1.0.0 | 5.00 | 40.00 | 45.00 | NOTE | |
| r-oldrel-windows-x86_64 | 1.0.0 | 10.00 | 84.00 | 94.00 | NOTE |
Version: 1.0.0
Check: CRAN incoming feasibility
Result: NOTE
Maintainer: ‘Attila Csala <a@csala.me>’
Found the following URLs which should use \doi (with the DOI name only):
File ‘sRDA.Rd’:
https://doi.org/10.1093/bioinformatics/btx374
Flavors: r-devel-linux-x86_64-debian-clang, r-devel-linux-x86_64-debian-gcc
Version: 1.0.0
Check: LazyData
Result: NOTE
'LazyData' is specified without a 'data' directory
Flavors: r-oldrel-macos-arm64, r-oldrel-macos-x86_64, r-oldrel-windows-x86_64