Last updated on 2025-10-25 17:48:50 CEST.
| Flavor | Version | Tinstall | Tcheck | Ttotal | Status | Flags |
|---|---|---|---|---|---|---|
| r-devel-linux-x86_64-debian-clang | 3.1-40 | 5.79 | 52.06 | 57.85 | NOTE | |
| r-devel-linux-x86_64-debian-gcc | 3.1-40 | 3.33 | 39.70 | 43.03 | NOTE | |
| r-devel-linux-x86_64-fedora-clang | 3.1-40 | 13.00 | 72.93 | 85.93 | NOTE | |
| r-devel-linux-x86_64-fedora-gcc | 3.1-40 | 12.00 | 72.85 | 84.85 | NOTE | |
| r-devel-windows-x86_64 | 3.1-40 | 7.00 | 77.00 | 84.00 | NOTE | |
| r-patched-linux-x86_64 | 3.1-40 | 6.38 | 49.39 | 55.77 | NOTE | |
| r-release-linux-x86_64 | 3.1-40 | 4.72 | 49.51 | 54.23 | NOTE | |
| r-release-macos-arm64 | 3.1-40 | 3.00 | 25.00 | 28.00 | NOTE | |
| r-release-macos-x86_64 | 3.1-40 | 5.00 | 47.00 | 52.00 | NOTE | |
| r-release-windows-x86_64 | 3.1-40 | 9.00 | 80.00 | 89.00 | NOTE | |
| r-oldrel-macos-arm64 | 3.1-40 | 2.00 | 25.00 | 27.00 | NOTE | |
| r-oldrel-macos-x86_64 | 3.1-40 | 4.00 | 39.00 | 43.00 | NOTE | |
| r-oldrel-windows-x86_64 | 3.1-40 | 8.00 | 90.00 | 98.00 | NOTE |
Version: 3.1-40
Check: Rd files
Result: NOTE
checkRd: (-1) ciReg.Rd:10: Lost braces
10 | \item{fit}{an object of class{lm}, i.e. the output from \code{\link{lm}}.}
| ^
Flavors: r-devel-linux-x86_64-debian-clang, r-devel-linux-x86_64-debian-gcc, r-devel-linux-x86_64-fedora-clang, r-devel-linux-x86_64-fedora-gcc, r-devel-windows-x86_64, r-patched-linux-x86_64, r-release-linux-x86_64, r-release-macos-arm64, r-release-macos-x86_64, r-release-windows-x86_64, r-oldrel-macos-arm64, r-oldrel-macos-x86_64, r-oldrel-windows-x86_64