Last updated on 2025-10-25 09:49:43 CEST.
| Flavor | Version | Tinstall | Tcheck | Ttotal | Status | Flags |
|---|---|---|---|---|---|---|
| r-devel-linux-x86_64-debian-clang | 2.0.13 | 406.67 | 30.84 | 437.51 | OK | |
| r-devel-linux-x86_64-debian-gcc | 2.0.13 | 295.15 | 91.39 | 386.54 | OK | |
| r-devel-linux-x86_64-fedora-clang | 2.0.13 | 960.00 | -121.33 | 838.67 | OK | |
| r-devel-linux-x86_64-fedora-gcc | 2.0.13 | 1080.00 | -142.78 | 937.22 | OK | |
| r-devel-windows-x86_64 | 2.0.13 | 579.00 | 118.00 | 697.00 | OK | |
| r-patched-linux-x86_64 | 2.0.13 | 494.61 | 122.98 | 617.59 | OK | |
| r-release-linux-x86_64 | 2.0.13 | 490.52 | 120.79 | 611.31 | OK | |
| r-release-macos-arm64 | 2.0.13 | 166.00 | 20.00 | 186.00 | OK | |
| r-release-macos-x86_64 | 2.0.13 | 112.00 | 36.00 | 148.00 | OK | |
| r-release-windows-x86_64 | 2.0.13 | 590.00 | 102.00 | 692.00 | OK | |
| r-oldrel-macos-arm64 | 2.0.13 | 72.00 | 17.00 | 89.00 | NOTE | |
| r-oldrel-macos-x86_64 | 2.0.13 | 47.00 | 27.00 | 74.00 | NOTE | |
| r-oldrel-windows-x86_64 | 2.0.13 | 613.00 | 114.00 | 727.00 | OK |
Version: 2.0.13
Check: installed package size
Result: NOTE
installed size is 13.9Mb
sub-directories of 1Mb or more:
libs 13.8Mb
Flavors: r-oldrel-macos-arm64, r-oldrel-macos-x86_64