Last updated on 2025-10-26 05:50:11 CET.
| Flavor | Version | Tinstall | Tcheck | Ttotal | Status | Flags |
|---|---|---|---|---|---|---|
| r-devel-linux-x86_64-debian-clang | 1.1.0 | 2.07 | 34.48 | 36.55 | OK | |
| r-devel-linux-x86_64-debian-gcc | 1.1.0 | 1.65 | 27.31 | 28.96 | OK | |
| r-devel-linux-x86_64-fedora-clang | 1.1.0 | 53.99 | OK | |||
| r-devel-linux-x86_64-fedora-gcc | 1.1.0 | 65.84 | OK | |||
| r-devel-windows-x86_64 | 1.1.0 | 3.00 | 51.00 | 54.00 | OK | |
| r-patched-linux-x86_64 | 1.1.0 | 2.22 | 32.07 | 34.29 | OK | |
| r-release-linux-x86_64 | 1.1.0 | 1.93 | 31.87 | 33.80 | OK | |
| r-release-macos-arm64 | 1.1.0 | 1.00 | 67.00 | 68.00 | OK | |
| r-release-macos-x86_64 | 1.1.0 | 2.00 | 55.00 | 57.00 | OK | |
| r-release-windows-x86_64 | 1.1.0 | 7.00 | 54.00 | 61.00 | OK | |
| r-oldrel-macos-arm64 | 1.1.0 | 1.00 | 35.00 | 36.00 | NOTE | |
| r-oldrel-macos-x86_64 | 1.1.0 | 2.00 | 45.00 | 47.00 | NOTE | |
| r-oldrel-windows-x86_64 | 1.1.0 | 5.00 | 60.00 | 65.00 | NOTE |
Version: 1.1.0
Check: installed package size
Result: NOTE
installed size is 5.2Mb
sub-directories of 1Mb or more:
doc 4.7Mb
Flavors: r-oldrel-macos-arm64, r-oldrel-macos-x86_64, r-oldrel-windows-x86_64
Version: 1.1.0
Check: LazyData
Result: NOTE
'LazyData' is specified without a 'data' directory
Flavors: r-oldrel-macos-arm64, r-oldrel-macos-x86_64, r-oldrel-windows-x86_64